{"id":1323,"date":"2025-04-13T15:51:58","date_gmt":"2025-04-13T12:51:58","guid":{"rendered":"https:\/\/www.havuzadairhersey.com\/?post_type=product&#038;p=1323"},"modified":"2025-04-13T15:51:58","modified_gmt":"2025-04-13T12:51:58","slug":"geri-donus-isaret-direkleri","status":"publish","type":"product","link":"https:\/\/www.havuzadairhersey.com\/index.php\/urun\/geri-donus-isaret-direkleri\/","title":{"rendered":"Geri D\u00f6n\u00fc\u015f \u0130\u015faret Direkleri"},"content":{"rendered":"<p>Yar\u0131\u015f havuzlar\u0131 i\u00e7in \u00f6zel olarak \u00fcretilmi\u015f geri d\u00f6n\u00fc\u015f i\u015faret direkleri, y\u00fcksek kaliteli AISI 304 veya AISI 316 paslanmaz \u00e7elikten imal edilmi\u015ftir. \u00dcr\u00fcn, \u00d842 mm \u00e7ap\u0131nda 1,8 metre y\u00fcksekli\u011finde 2 adet direk, plastik halat ve k\u0131rm\u0131z\u0131 bayraklardan olu\u015fur. Havuz geni\u015fli\u011fine g\u00f6re 21 metrelik havuzlar i\u00e7in \u00d843 mm, 25 metrelik havuzlar i\u00e7in \u00d848 mm boru tercih edilmelidir. Sistem, sporcular\u0131n geri d\u00f6n\u00fc\u015f noktalar\u0131n\u0131 kolayca alg\u0131lamas\u0131n\u0131 sa\u011flar. Not: Paslanmaz \u00e7elik ankrajlar fiyata dahil de\u011fildir.<\/p>\n<p>Model Se\u00e7enekleri:<\/p>\n<p>ATS OLP012 \u2013 12,5 m havuz eni i\u00e7in, AISI 304<\/p>\n<p>ATS OLP013 \u2013 25 m havuz eni i\u00e7in, AISI 304<\/p>\n<p>ATS OLP014 \u2013 12,5 m havuz eni i\u00e7in, AISI 316<\/p>\n<p>ATS OLP015 \u2013 25 m havuz eni i\u00e7in, AISI 316<\/p>\n","protected":false},"excerpt":{"rendered":"<p>Paslanmaz \u00e7elikten \u00fcretilmi\u015f, havuz yar\u0131\u015flar\u0131 i\u00e7in geri d\u00f6n\u00fc\u015f i\u015faret dire\u011fi seti. 12,5 m ve 25 m havuzlar i\u00e7in uygundur.<\/p>\n","protected":false},"featured_media":1324,"comment_status":"open","ping_status":"closed","template":"","meta":{"site-sidebar-layout":"default","site-content-layout":"","ast-site-content-layout":"default","site-content-style":"default","site-sidebar-style":"default","ast-global-header-display":"","ast-banner-title-visibility":"","ast-main-header-display":"","ast-hfb-above-header-display":"","ast-hfb-below-header-display":"","ast-hfb-mobile-header-display":"","site-post-title":"","ast-breadcrumbs-content":"","ast-featured-img":"","footer-sml-layout":"","theme-transparent-header-meta":"default","adv-header-id-meta":"","stick-header-meta":"","header-above-stick-meta":"","header-main-stick-meta":"","header-below-stick-meta":"","astra-migrate-meta-layouts":"set","ast-page-background-enabled":"default","ast-page-background-meta":{"desktop":{"background-color":"var(--ast-global-color-5)","background-image":"","background-repeat":"repeat","background-position":"center center","background-size":"auto","background-attachment":"scroll","background-type":"","background-media":"","overlay-type":"","overlay-color":"","overlay-opacity":"","overlay-gradient":""},"tablet":{"background-color":"","background-image":"","background-repeat":"repeat","background-position":"center center","background-size":"auto","background-attachment":"scroll","background-type":"","background-media":"","overlay-type":"","overlay-color":"","overlay-opacity":"","overlay-gradient":""},"mobile":{"background-color":"","background-image":"","background-repeat":"repeat","background-position":"center center","background-size":"auto","background-attachment":"scroll","background-type":"","background-media":"","overlay-type":"","overlay-color":"","overlay-opacity":"","overlay-gradient":""}},"ast-content-background-meta":{"desktop":{"background-color":"var(--ast-global-color-4)","background-image":"","background-repeat":"repeat","background-position":"center center","background-size":"auto","background-attachment":"scroll","background-type":"","background-media":"","overlay-type":"","overlay-color":"","overlay-opacity":"","overlay-gradient":""},"tablet":{"background-color":"var(--ast-global-color-4)","background-image":"","background-repeat":"repeat","background-position":"center center","background-size":"auto","background-attachment":"scroll","background-type":"","background-media":"","overlay-type":"","overlay-color":"","overlay-opacity":"","overlay-gradient":""},"mobile":{"background-color":"var(--ast-global-color-4)","background-image":"","background-repeat":"repeat","background-position":"center center","background-size":"auto","background-attachment":"scroll","background-type":"","background-media":"","overlay-type":"","overlay-color":"","overlay-opacity":"","overlay-gradient":""}}},"product_brand":[30],"product_cat":[1737],"product_tag":[1756,585,1774,1780,1779,1777,1775,1776,1778],"class_list":{"0":"post-1323","1":"product","2":"type-product","3":"status-publish","4":"has-post-thumbnail","6":"product_brand-atlaspool","7":"product_cat-olimpik-havuz-malzemeleri","8":"product_tag-aisi-304","9":"product_tag-aisi-316","10":"product_tag-geri-donus-diregi","11":"product_tag-havuz-bayrak-seti","12":"product_tag-havuz-geri-donus-sistemi","13":"product_tag-paslanmaz-celik-havuz-diregi","14":"product_tag-yaris-havuzu-ekipmani","15":"product_tag-yuzme-havuzu-isaret-diregi","16":"product_tag-yuzme-yarislari","17":"desktop-align-left","18":"tablet-align-left","19":"mobile-align-left","21":"first","22":"instock","23":"shipping-taxable","24":"purchasable","25":"product-type-variable"},"yoast_head":"<!-- This site is optimized with the Yoast SEO plugin v25.0 - https:\/\/yoast.com\/wordpress\/plugins\/seo\/ -->\n<title>Geri D\u00f6n\u00fc\u015f \u0130\u015faret Direkleri -<\/title>\n<meta name=\"robots\" content=\"index, follow, max-snippet:-1, max-image-preview:large, max-video-preview:-1\" \/>\n<link rel=\"canonical\" href=\"https:\/\/www.havuzadairhersey.com\/index.php\/urun\/geri-donus-isaret-direkleri\/\" \/>\n<meta property=\"og:locale\" content=\"tr_TR\" \/>\n<meta property=\"og:type\" content=\"article\" \/>\n<meta property=\"og:title\" content=\"Geri D\u00f6n\u00fc\u015f \u0130\u015faret Direkleri -\" \/>\n<meta property=\"og:description\" content=\"Paslanmaz \u00e7elikten \u00fcretilmi\u015f, havuz yar\u0131\u015flar\u0131 i\u00e7in geri d\u00f6n\u00fc\u015f i\u015faret dire\u011fi seti. 12,5 m ve 25 m havuzlar i\u00e7in uygundur.\" \/>\n<meta property=\"og:url\" content=\"https:\/\/www.havuzadairhersey.com\/index.php\/urun\/geri-donus-isaret-direkleri\/\" \/>\n<meta property=\"og:image\" content=\"https:\/\/www.havuzadairhersey.com\/wp-content\/uploads\/2025\/04\/1-126.png\" \/>\n\t<meta property=\"og:image:width\" content=\"1875\" \/>\n\t<meta property=\"og:image:height\" content=\"2500\" \/>\n\t<meta property=\"og:image:type\" content=\"image\/png\" \/>\n<meta name=\"twitter:card\" content=\"summary_large_image\" \/>\n<meta name=\"twitter:label1\" content=\"Tahmini okuma s\u00fcresi\" \/>\n\t<meta name=\"twitter:data1\" content=\"1 dakika\" \/>\n<script type=\"application\/ld+json\" class=\"yoast-schema-graph\">{\"@context\":\"https:\/\/schema.org\",\"@graph\":[{\"@type\":\"WebPage\",\"@id\":\"https:\/\/www.havuzadairhersey.com\/index.php\/urun\/geri-donus-isaret-direkleri\/\",\"url\":\"https:\/\/www.havuzadairhersey.com\/index.php\/urun\/geri-donus-isaret-direkleri\/\",\"name\":\"Geri D\u00f6n\u00fc\u015f \u0130\u015faret Direkleri -\",\"isPartOf\":{\"@id\":\"https:\/\/www.havuzadairhersey.com\/#website\"},\"primaryImageOfPage\":{\"@id\":\"https:\/\/www.havuzadairhersey.com\/index.php\/urun\/geri-donus-isaret-direkleri\/#primaryimage\"},\"image\":{\"@id\":\"https:\/\/www.havuzadairhersey.com\/index.php\/urun\/geri-donus-isaret-direkleri\/#primaryimage\"},\"thumbnailUrl\":\"https:\/\/www.havuzadairhersey.com\/wp-content\/uploads\/2025\/04\/1-126.png\",\"datePublished\":\"2025-04-13T12:51:58+00:00\",\"breadcrumb\":{\"@id\":\"https:\/\/www.havuzadairhersey.com\/index.php\/urun\/geri-donus-isaret-direkleri\/#breadcrumb\"},\"inLanguage\":\"tr\",\"potentialAction\":[{\"@type\":\"ReadAction\",\"target\":[\"https:\/\/www.havuzadairhersey.com\/index.php\/urun\/geri-donus-isaret-direkleri\/\"]}]},{\"@type\":\"ImageObject\",\"inLanguage\":\"tr\",\"@id\":\"https:\/\/www.havuzadairhersey.com\/index.php\/urun\/geri-donus-isaret-direkleri\/#primaryimage\",\"url\":\"https:\/\/www.havuzadairhersey.com\/wp-content\/uploads\/2025\/04\/1-126.png\",\"contentUrl\":\"https:\/\/www.havuzadairhersey.com\/wp-content\/uploads\/2025\/04\/1-126.png\",\"width\":1875,\"height\":2500,\"caption\":\"AISI 304 ve 316 kalite paslanmaz \u00e7elikten bayrakl\u0131 geri d\u00f6n\u00fc\u015f i\u015faret dire\u011fi\"},{\"@type\":\"BreadcrumbList\",\"@id\":\"https:\/\/www.havuzadairhersey.com\/index.php\/urun\/geri-donus-isaret-direkleri\/#breadcrumb\",\"itemListElement\":[{\"@type\":\"ListItem\",\"position\":1,\"name\":\"Anasayfa\",\"item\":\"https:\/\/www.havuzadairhersey.com\/\"},{\"@type\":\"ListItem\",\"position\":2,\"name\":\"Ma\u011faza\",\"item\":\"https:\/\/www.havuzadairhersey.com\/\"},{\"@type\":\"ListItem\",\"position\":3,\"name\":\"Geri D\u00f6n\u00fc\u015f \u0130\u015faret Direkleri\"}]},{\"@type\":\"WebSite\",\"@id\":\"https:\/\/www.havuzadairhersey.com\/#website\",\"url\":\"https:\/\/www.havuzadairhersey.com\/\",\"name\":\"\",\"description\":\"Havuza dair arad\u0131\u011f\u0131n\u0131z her\u015fey burada...\",\"potentialAction\":[{\"@type\":\"SearchAction\",\"target\":{\"@type\":\"EntryPoint\",\"urlTemplate\":\"https:\/\/www.havuzadairhersey.com\/?s={search_term_string}\"},\"query-input\":{\"@type\":\"PropertyValueSpecification\",\"valueRequired\":true,\"valueName\":\"search_term_string\"}}],\"inLanguage\":\"tr\"}]}<\/script>\n<!-- \/ Yoast SEO plugin. -->","yoast_head_json":{"title":"Geri D\u00f6n\u00fc\u015f \u0130\u015faret Direkleri -","robots":{"index":"index","follow":"follow","max-snippet":"max-snippet:-1","max-image-preview":"max-image-preview:large","max-video-preview":"max-video-preview:-1"},"canonical":"https:\/\/www.havuzadairhersey.com\/index.php\/urun\/geri-donus-isaret-direkleri\/","og_locale":"tr_TR","og_type":"article","og_title":"Geri D\u00f6n\u00fc\u015f \u0130\u015faret Direkleri -","og_description":"Paslanmaz \u00e7elikten \u00fcretilmi\u015f, havuz yar\u0131\u015flar\u0131 i\u00e7in geri d\u00f6n\u00fc\u015f i\u015faret dire\u011fi seti. 12,5 m ve 25 m havuzlar i\u00e7in uygundur.","og_url":"https:\/\/www.havuzadairhersey.com\/index.php\/urun\/geri-donus-isaret-direkleri\/","og_image":[{"width":1875,"height":2500,"url":"https:\/\/www.havuzadairhersey.com\/wp-content\/uploads\/2025\/04\/1-126.png","type":"image\/png"}],"twitter_card":"summary_large_image","twitter_misc":{"Tahmini okuma s\u00fcresi":"1 dakika"},"schema":{"@context":"https:\/\/schema.org","@graph":[{"@type":"WebPage","@id":"https:\/\/www.havuzadairhersey.com\/index.php\/urun\/geri-donus-isaret-direkleri\/","url":"https:\/\/www.havuzadairhersey.com\/index.php\/urun\/geri-donus-isaret-direkleri\/","name":"Geri D\u00f6n\u00fc\u015f \u0130\u015faret Direkleri -","isPartOf":{"@id":"https:\/\/www.havuzadairhersey.com\/#website"},"primaryImageOfPage":{"@id":"https:\/\/www.havuzadairhersey.com\/index.php\/urun\/geri-donus-isaret-direkleri\/#primaryimage"},"image":{"@id":"https:\/\/www.havuzadairhersey.com\/index.php\/urun\/geri-donus-isaret-direkleri\/#primaryimage"},"thumbnailUrl":"https:\/\/www.havuzadairhersey.com\/wp-content\/uploads\/2025\/04\/1-126.png","datePublished":"2025-04-13T12:51:58+00:00","breadcrumb":{"@id":"https:\/\/www.havuzadairhersey.com\/index.php\/urun\/geri-donus-isaret-direkleri\/#breadcrumb"},"inLanguage":"tr","potentialAction":[{"@type":"ReadAction","target":["https:\/\/www.havuzadairhersey.com\/index.php\/urun\/geri-donus-isaret-direkleri\/"]}]},{"@type":"ImageObject","inLanguage":"tr","@id":"https:\/\/www.havuzadairhersey.com\/index.php\/urun\/geri-donus-isaret-direkleri\/#primaryimage","url":"https:\/\/www.havuzadairhersey.com\/wp-content\/uploads\/2025\/04\/1-126.png","contentUrl":"https:\/\/www.havuzadairhersey.com\/wp-content\/uploads\/2025\/04\/1-126.png","width":1875,"height":2500,"caption":"AISI 304 ve 316 kalite paslanmaz \u00e7elikten bayrakl\u0131 geri d\u00f6n\u00fc\u015f i\u015faret dire\u011fi"},{"@type":"BreadcrumbList","@id":"https:\/\/www.havuzadairhersey.com\/index.php\/urun\/geri-donus-isaret-direkleri\/#breadcrumb","itemListElement":[{"@type":"ListItem","position":1,"name":"Anasayfa","item":"https:\/\/www.havuzadairhersey.com\/"},{"@type":"ListItem","position":2,"name":"Ma\u011faza","item":"https:\/\/www.havuzadairhersey.com\/"},{"@type":"ListItem","position":3,"name":"Geri D\u00f6n\u00fc\u015f \u0130\u015faret Direkleri"}]},{"@type":"WebSite","@id":"https:\/\/www.havuzadairhersey.com\/#website","url":"https:\/\/www.havuzadairhersey.com\/","name":"","description":"Havuza dair arad\u0131\u011f\u0131n\u0131z her\u015fey burada...","potentialAction":[{"@type":"SearchAction","target":{"@type":"EntryPoint","urlTemplate":"https:\/\/www.havuzadairhersey.com\/?s={search_term_string}"},"query-input":{"@type":"PropertyValueSpecification","valueRequired":true,"valueName":"search_term_string"}}],"inLanguage":"tr"}]}},"_links":{"self":[{"href":"https:\/\/www.havuzadairhersey.com\/index.php\/wp-json\/wp\/v2\/product\/1323","targetHints":{"allow":["GET"]}}],"collection":[{"href":"https:\/\/www.havuzadairhersey.com\/index.php\/wp-json\/wp\/v2\/product"}],"about":[{"href":"https:\/\/www.havuzadairhersey.com\/index.php\/wp-json\/wp\/v2\/types\/product"}],"replies":[{"embeddable":true,"href":"https:\/\/www.havuzadairhersey.com\/index.php\/wp-json\/wp\/v2\/comments?post=1323"}],"wp:featuredmedia":[{"embeddable":true,"href":"https:\/\/www.havuzadairhersey.com\/index.php\/wp-json\/wp\/v2\/media\/1324"}],"wp:attachment":[{"href":"https:\/\/www.havuzadairhersey.com\/index.php\/wp-json\/wp\/v2\/media?parent=1323"}],"wp:term":[{"taxonomy":"product_brand","embeddable":true,"href":"https:\/\/www.havuzadairhersey.com\/index.php\/wp-json\/wp\/v2\/product_brand?post=1323"},{"taxonomy":"product_cat","embeddable":true,"href":"https:\/\/www.havuzadairhersey.com\/index.php\/wp-json\/wp\/v2\/product_cat?post=1323"},{"taxonomy":"product_tag","embeddable":true,"href":"https:\/\/www.havuzadairhersey.com\/index.php\/wp-json\/wp\/v2\/product_tag?post=1323"}],"curies":[{"name":"wp","href":"https:\/\/api.w.org\/{rel}","templated":true}]}}