{"id":1422,"date":"2025-04-13T18:20:44","date_gmt":"2025-04-13T15:20:44","guid":{"rendered":"https:\/\/www.havuzadairhersey.com\/?post_type=product&#038;p=1422"},"modified":"2025-04-13T18:20:44","modified_gmt":"2025-04-13T15:20:44","slug":"ekonomik-ayakli-power-ledli-sus-havuzu-lambasi","status":"publish","type":"product","link":"https:\/\/www.havuzadairhersey.com\/index.php\/urun\/ekonomik-ayakli-power-ledli-sus-havuzu-lambasi\/","title":{"rendered":"Ekonomik Ayakl\u0131 Power Ledli S\u00fcs Havuzu Lambas\u0131"},"content":{"rendered":"<p>Estetik ve ekonomik \u00e7\u00f6z\u00fcm sunan bu ayakl\u0131 power ledli s\u00fcs havuzu lambalar\u0131, dekoratif su g\u00f6sterileri ve havuz ayd\u0131nlatmalar\u0131 i\u00e7in idealdir. Krom g\u00f6vdesi sayesinde uzun \u00f6m\u00fcrl\u00fc ve dayan\u0131kl\u0131d\u0131r. Farkl\u0131 g\u00fc\u00e7 ve LED say\u0131s\u0131 se\u00e7enekleriyle mevcuttur. RGB ve tek renk opsiyonlar\u0131 (beyaz, g\u00fcn\u0131\u015f\u0131\u011f\u0131, mavi, ye\u015fil, k\u0131rm\u0131z\u0131) ile istenilen ambiyans kolayl\u0131kla sa\u011flanabilir. 12V AC veya DC besleme alternatifleriyle farkl\u0131 sistemlerle uyumludur.<\/p>\n<p>Mevcut Modeller:<\/p>\n<p>ATS SUS018 \u2013 6W \/ 6 LED \/ 12V AC \/ Tek Renk<\/p>\n<p>ATS SUS019 \u2013 10W \/ 9 LED \/ 12V AC \/ Tek Renk<\/p>\n<p>ATS SUS020 \u2013 10W \/ 6 LED \/ 12V DC \/ RGB<\/p>\n<p>ATS SUS021 \u2013 10W \/ 9 LED \/ 12V DC \/ RGB<\/p>\n<p>ATS SUS022 \u2013 10W \/ 6 LED \/ 12V DC \/ Full RGB<\/p>\n<p>ATS SUS023 \u2013 10W \/ 9 LED \/ 12V DC \/ Full RGB<\/p>\n","protected":false},"excerpt":{"rendered":"<p>Krom g\u00f6vdeli ayakl\u0131 power LED havuz lambas\u0131. RGB ve tek renk se\u00e7enekleriyle, 6 veya 9 LED\u2019li versiyonlar mevcuttur.<\/p>\n","protected":false},"featured_media":1423,"comment_status":"open","ping_status":"closed","template":"","meta":{"site-sidebar-layout":"default","site-content-layout":"","ast-site-content-layout":"default","site-content-style":"default","site-sidebar-style":"default","ast-global-header-display":"","ast-banner-title-visibility":"","ast-main-header-display":"","ast-hfb-above-header-display":"","ast-hfb-below-header-display":"","ast-hfb-mobile-header-display":"","site-post-title":"","ast-breadcrumbs-content":"","ast-featured-img":"","footer-sml-layout":"","theme-transparent-header-meta":"default","adv-header-id-meta":"","stick-header-meta":"","header-above-stick-meta":"","header-main-stick-meta":"","header-below-stick-meta":"","astra-migrate-meta-layouts":"set","ast-page-background-enabled":"default","ast-page-background-meta":{"desktop":{"background-color":"var(--ast-global-color-5)","background-image":"","background-repeat":"repeat","background-position":"center center","background-size":"auto","background-attachment":"scroll","background-type":"","background-media":"","overlay-type":"","overlay-color":"","overlay-opacity":"","overlay-gradient":""},"tablet":{"background-color":"","background-image":"","background-repeat":"repeat","background-position":"center center","background-size":"auto","background-attachment":"scroll","background-type":"","background-media":"","overlay-type":"","overlay-color":"","overlay-opacity":"","overlay-gradient":""},"mobile":{"background-color":"","background-image":"","background-repeat":"repeat","background-position":"center center","background-size":"auto","background-attachment":"scroll","background-type":"","background-media":"","overlay-type":"","overlay-color":"","overlay-opacity":"","overlay-gradient":""}},"ast-content-background-meta":{"desktop":{"background-color":"var(--ast-global-color-4)","background-image":"","background-repeat":"repeat","background-position":"center center","background-size":"auto","background-attachment":"scroll","background-type":"","background-media":"","overlay-type":"","overlay-color":"","overlay-opacity":"","overlay-gradient":""},"tablet":{"background-color":"var(--ast-global-color-4)","background-image":"","background-repeat":"repeat","background-position":"center center","background-size":"auto","background-attachment":"scroll","background-type":"","background-media":"","overlay-type":"","overlay-color":"","overlay-opacity":"","overlay-gradient":""},"mobile":{"background-color":"var(--ast-global-color-4)","background-image":"","background-repeat":"repeat","background-position":"center center","background-size":"auto","background-attachment":"scroll","background-type":"","background-media":"","overlay-type":"","overlay-color":"","overlay-opacity":"","overlay-gradient":""}}},"product_brand":[30],"product_cat":[1900],"product_tag":[1938,1939,1940,1941,1935,1936,1942,1934,1937],"class_list":{"0":"post-1422","1":"product","2":"type-product","3":"status-publish","4":"has-post-thumbnail","6":"product_brand-atlaspool","7":"product_cat-sus-havuzu-aydinlatma-lambalari","8":"product_tag-12v-havuz-lambasi","9":"product_tag-ayakli-havuz-lambasi","10":"product_tag-ekonomik-led-lamba","11":"product_tag-krom-led-aydinlatma","12":"product_tag-led-havuz-lambasi","13":"product_tag-rgb-havuz-aydinlatma","14":"product_tag-sus-havuzu-ekipmani","15":"product_tag-sus-havuzu-lambasi","16":"product_tag-tek-renk-havuz-isigi","17":"desktop-align-left","18":"tablet-align-left","19":"mobile-align-left","21":"first","22":"instock","23":"shipping-taxable","24":"purchasable","25":"product-type-variable"},"yoast_head":"<!-- This site is optimized with the Yoast SEO plugin v25.0 - https:\/\/yoast.com\/wordpress\/plugins\/seo\/ -->\n<title>Ekonomik Ayakl\u0131 Power Ledli S\u00fcs Havuzu Lambas\u0131 -<\/title>\n<meta name=\"robots\" content=\"index, follow, max-snippet:-1, max-image-preview:large, max-video-preview:-1\" \/>\n<link rel=\"canonical\" href=\"https:\/\/www.havuzadairhersey.com\/index.php\/urun\/ekonomik-ayakli-power-ledli-sus-havuzu-lambasi\/\" \/>\n<meta property=\"og:locale\" content=\"tr_TR\" \/>\n<meta property=\"og:type\" content=\"article\" \/>\n<meta property=\"og:title\" content=\"Ekonomik Ayakl\u0131 Power Ledli S\u00fcs Havuzu Lambas\u0131 -\" \/>\n<meta property=\"og:description\" content=\"Krom g\u00f6vdeli ayakl\u0131 power LED havuz lambas\u0131. RGB ve tek renk se\u00e7enekleriyle, 6 veya 9 LED\u2019li versiyonlar mevcuttur.\" \/>\n<meta property=\"og:url\" content=\"https:\/\/www.havuzadairhersey.com\/index.php\/urun\/ekonomik-ayakli-power-ledli-sus-havuzu-lambasi\/\" \/>\n<meta property=\"og:image\" content=\"https:\/\/www.havuzadairhersey.com\/wp-content\/uploads\/2025\/04\/1-144.png\" \/>\n\t<meta property=\"og:image:width\" content=\"1875\" \/>\n\t<meta property=\"og:image:height\" content=\"2500\" \/>\n\t<meta property=\"og:image:type\" content=\"image\/png\" \/>\n<meta name=\"twitter:card\" content=\"summary_large_image\" \/>\n<meta name=\"twitter:label1\" content=\"Tahmini okuma s\u00fcresi\" \/>\n\t<meta name=\"twitter:data1\" content=\"1 dakika\" \/>\n<script type=\"application\/ld+json\" class=\"yoast-schema-graph\">{\"@context\":\"https:\/\/schema.org\",\"@graph\":[{\"@type\":\"WebPage\",\"@id\":\"https:\/\/www.havuzadairhersey.com\/index.php\/urun\/ekonomik-ayakli-power-ledli-sus-havuzu-lambasi\/\",\"url\":\"https:\/\/www.havuzadairhersey.com\/index.php\/urun\/ekonomik-ayakli-power-ledli-sus-havuzu-lambasi\/\",\"name\":\"Ekonomik Ayakl\u0131 Power Ledli S\u00fcs Havuzu Lambas\u0131 -\",\"isPartOf\":{\"@id\":\"https:\/\/www.havuzadairhersey.com\/#website\"},\"primaryImageOfPage\":{\"@id\":\"https:\/\/www.havuzadairhersey.com\/index.php\/urun\/ekonomik-ayakli-power-ledli-sus-havuzu-lambasi\/#primaryimage\"},\"image\":{\"@id\":\"https:\/\/www.havuzadairhersey.com\/index.php\/urun\/ekonomik-ayakli-power-ledli-sus-havuzu-lambasi\/#primaryimage\"},\"thumbnailUrl\":\"https:\/\/www.havuzadairhersey.com\/wp-content\/uploads\/2025\/04\/1-144.png\",\"datePublished\":\"2025-04-13T15:20:44+00:00\",\"breadcrumb\":{\"@id\":\"https:\/\/www.havuzadairhersey.com\/index.php\/urun\/ekonomik-ayakli-power-ledli-sus-havuzu-lambasi\/#breadcrumb\"},\"inLanguage\":\"tr\",\"potentialAction\":[{\"@type\":\"ReadAction\",\"target\":[\"https:\/\/www.havuzadairhersey.com\/index.php\/urun\/ekonomik-ayakli-power-ledli-sus-havuzu-lambasi\/\"]}]},{\"@type\":\"ImageObject\",\"inLanguage\":\"tr\",\"@id\":\"https:\/\/www.havuzadairhersey.com\/index.php\/urun\/ekonomik-ayakli-power-ledli-sus-havuzu-lambasi\/#primaryimage\",\"url\":\"https:\/\/www.havuzadairhersey.com\/wp-content\/uploads\/2025\/04\/1-144.png\",\"contentUrl\":\"https:\/\/www.havuzadairhersey.com\/wp-content\/uploads\/2025\/04\/1-144.png\",\"width\":1875,\"height\":2500,\"caption\":\"RGB ve Tek Renk Se\u00e7enekli Havuz Lambas\u0131 \u2013 6 veya 9 LED\"},{\"@type\":\"BreadcrumbList\",\"@id\":\"https:\/\/www.havuzadairhersey.com\/index.php\/urun\/ekonomik-ayakli-power-ledli-sus-havuzu-lambasi\/#breadcrumb\",\"itemListElement\":[{\"@type\":\"ListItem\",\"position\":1,\"name\":\"Anasayfa\",\"item\":\"https:\/\/www.havuzadairhersey.com\/\"},{\"@type\":\"ListItem\",\"position\":2,\"name\":\"Ma\u011faza\",\"item\":\"https:\/\/www.havuzadairhersey.com\/\"},{\"@type\":\"ListItem\",\"position\":3,\"name\":\"Ekonomik Ayakl\u0131 Power Ledli S\u00fcs Havuzu Lambas\u0131\"}]},{\"@type\":\"WebSite\",\"@id\":\"https:\/\/www.havuzadairhersey.com\/#website\",\"url\":\"https:\/\/www.havuzadairhersey.com\/\",\"name\":\"\",\"description\":\"Havuza dair arad\u0131\u011f\u0131n\u0131z her\u015fey burada...\",\"potentialAction\":[{\"@type\":\"SearchAction\",\"target\":{\"@type\":\"EntryPoint\",\"urlTemplate\":\"https:\/\/www.havuzadairhersey.com\/?s={search_term_string}\"},\"query-input\":{\"@type\":\"PropertyValueSpecification\",\"valueRequired\":true,\"valueName\":\"search_term_string\"}}],\"inLanguage\":\"tr\"}]}<\/script>\n<!-- \/ Yoast SEO plugin. -->","yoast_head_json":{"title":"Ekonomik Ayakl\u0131 Power Ledli S\u00fcs Havuzu Lambas\u0131 -","robots":{"index":"index","follow":"follow","max-snippet":"max-snippet:-1","max-image-preview":"max-image-preview:large","max-video-preview":"max-video-preview:-1"},"canonical":"https:\/\/www.havuzadairhersey.com\/index.php\/urun\/ekonomik-ayakli-power-ledli-sus-havuzu-lambasi\/","og_locale":"tr_TR","og_type":"article","og_title":"Ekonomik Ayakl\u0131 Power Ledli S\u00fcs Havuzu Lambas\u0131 -","og_description":"Krom g\u00f6vdeli ayakl\u0131 power LED havuz lambas\u0131. RGB ve tek renk se\u00e7enekleriyle, 6 veya 9 LED\u2019li versiyonlar mevcuttur.","og_url":"https:\/\/www.havuzadairhersey.com\/index.php\/urun\/ekonomik-ayakli-power-ledli-sus-havuzu-lambasi\/","og_image":[{"width":1875,"height":2500,"url":"https:\/\/www.havuzadairhersey.com\/wp-content\/uploads\/2025\/04\/1-144.png","type":"image\/png"}],"twitter_card":"summary_large_image","twitter_misc":{"Tahmini okuma s\u00fcresi":"1 dakika"},"schema":{"@context":"https:\/\/schema.org","@graph":[{"@type":"WebPage","@id":"https:\/\/www.havuzadairhersey.com\/index.php\/urun\/ekonomik-ayakli-power-ledli-sus-havuzu-lambasi\/","url":"https:\/\/www.havuzadairhersey.com\/index.php\/urun\/ekonomik-ayakli-power-ledli-sus-havuzu-lambasi\/","name":"Ekonomik Ayakl\u0131 Power Ledli S\u00fcs Havuzu Lambas\u0131 -","isPartOf":{"@id":"https:\/\/www.havuzadairhersey.com\/#website"},"primaryImageOfPage":{"@id":"https:\/\/www.havuzadairhersey.com\/index.php\/urun\/ekonomik-ayakli-power-ledli-sus-havuzu-lambasi\/#primaryimage"},"image":{"@id":"https:\/\/www.havuzadairhersey.com\/index.php\/urun\/ekonomik-ayakli-power-ledli-sus-havuzu-lambasi\/#primaryimage"},"thumbnailUrl":"https:\/\/www.havuzadairhersey.com\/wp-content\/uploads\/2025\/04\/1-144.png","datePublished":"2025-04-13T15:20:44+00:00","breadcrumb":{"@id":"https:\/\/www.havuzadairhersey.com\/index.php\/urun\/ekonomik-ayakli-power-ledli-sus-havuzu-lambasi\/#breadcrumb"},"inLanguage":"tr","potentialAction":[{"@type":"ReadAction","target":["https:\/\/www.havuzadairhersey.com\/index.php\/urun\/ekonomik-ayakli-power-ledli-sus-havuzu-lambasi\/"]}]},{"@type":"ImageObject","inLanguage":"tr","@id":"https:\/\/www.havuzadairhersey.com\/index.php\/urun\/ekonomik-ayakli-power-ledli-sus-havuzu-lambasi\/#primaryimage","url":"https:\/\/www.havuzadairhersey.com\/wp-content\/uploads\/2025\/04\/1-144.png","contentUrl":"https:\/\/www.havuzadairhersey.com\/wp-content\/uploads\/2025\/04\/1-144.png","width":1875,"height":2500,"caption":"RGB ve Tek Renk Se\u00e7enekli Havuz Lambas\u0131 \u2013 6 veya 9 LED"},{"@type":"BreadcrumbList","@id":"https:\/\/www.havuzadairhersey.com\/index.php\/urun\/ekonomik-ayakli-power-ledli-sus-havuzu-lambasi\/#breadcrumb","itemListElement":[{"@type":"ListItem","position":1,"name":"Anasayfa","item":"https:\/\/www.havuzadairhersey.com\/"},{"@type":"ListItem","position":2,"name":"Ma\u011faza","item":"https:\/\/www.havuzadairhersey.com\/"},{"@type":"ListItem","position":3,"name":"Ekonomik Ayakl\u0131 Power Ledli S\u00fcs Havuzu Lambas\u0131"}]},{"@type":"WebSite","@id":"https:\/\/www.havuzadairhersey.com\/#website","url":"https:\/\/www.havuzadairhersey.com\/","name":"","description":"Havuza dair arad\u0131\u011f\u0131n\u0131z her\u015fey burada...","potentialAction":[{"@type":"SearchAction","target":{"@type":"EntryPoint","urlTemplate":"https:\/\/www.havuzadairhersey.com\/?s={search_term_string}"},"query-input":{"@type":"PropertyValueSpecification","valueRequired":true,"valueName":"search_term_string"}}],"inLanguage":"tr"}]}},"_links":{"self":[{"href":"https:\/\/www.havuzadairhersey.com\/index.php\/wp-json\/wp\/v2\/product\/1422","targetHints":{"allow":["GET"]}}],"collection":[{"href":"https:\/\/www.havuzadairhersey.com\/index.php\/wp-json\/wp\/v2\/product"}],"about":[{"href":"https:\/\/www.havuzadairhersey.com\/index.php\/wp-json\/wp\/v2\/types\/product"}],"replies":[{"embeddable":true,"href":"https:\/\/www.havuzadairhersey.com\/index.php\/wp-json\/wp\/v2\/comments?post=1422"}],"wp:featuredmedia":[{"embeddable":true,"href":"https:\/\/www.havuzadairhersey.com\/index.php\/wp-json\/wp\/v2\/media\/1423"}],"wp:attachment":[{"href":"https:\/\/www.havuzadairhersey.com\/index.php\/wp-json\/wp\/v2\/media?parent=1422"}],"wp:term":[{"taxonomy":"product_brand","embeddable":true,"href":"https:\/\/www.havuzadairhersey.com\/index.php\/wp-json\/wp\/v2\/product_brand?post=1422"},{"taxonomy":"product_cat","embeddable":true,"href":"https:\/\/www.havuzadairhersey.com\/index.php\/wp-json\/wp\/v2\/product_cat?post=1422"},{"taxonomy":"product_tag","embeddable":true,"href":"https:\/\/www.havuzadairhersey.com\/index.php\/wp-json\/wp\/v2\/product_tag?post=1422"}],"curies":[{"name":"wp","href":"https:\/\/api.w.org\/{rel}","templated":true}]}}