{"id":1602,"date":"2025-04-14T00:42:47","date_gmt":"2025-04-13T21:42:47","guid":{"rendered":"https:\/\/www.havuzadairhersey.com\/?post_type=product&#038;p=1602"},"modified":"2025-04-14T00:42:47","modified_gmt":"2025-04-13T21:42:47","slug":"volkan-plastik-fiskiye-nozullari","status":"publish","type":"product","link":"https:\/\/www.havuzadairhersey.com\/index.php\/urun\/volkan-plastik-fiskiye-nozullari\/","title":{"rendered":"Volkan Plastik F\u0131skiye Nozullar\u0131"},"content":{"rendered":"<p>\u00dc\u00e7 kademeli plastik volkan f\u0131skiye nozullar\u0131, etkileyici su \u015fovlar\u0131 olu\u015fturmak i\u00e7in idealdir. Su \u00e7\u0131k\u0131\u015f\u0131 \u00e7ok katmanl\u0131 bir yap\u0131 sunar ve g\u00f6rsel efektlerde estetik zenginlik sa\u011flar. Dayan\u0131kl\u0131 plastikten \u00fcretilmi\u015f olup hem 1&#8243; hem de 2&#8243; giri\u015f \u00e7ap\u0131 se\u00e7enekleri mevcuttur. Bah\u00e7elerden havuzlara, s\u00fcs havuzlar\u0131ndan park peyzajlar\u0131na kadar geni\u015f kullan\u0131m alan\u0131na sahiptir.<\/p>\n<p>Kodlar ve Teknik \u00d6zellikler:<\/p>\n<p>ATS SUS244 &#8211; Giri\u015f: 1&#8243;, Malzeme: \u00dc\u00e7 Kademe Plastik<\/p>\n<p>ATS SUS245 &#8211; Giri\u015f: 2&#8243;, Malzeme: \u00dc\u00e7 Kademe Plastik<\/p>\n<p>Debi De\u011ferleri:<\/p>\n<p>1&#8243; Nozul: 1 m \u2013 60 lt\/dk, 5 m \u2013 130 lt\/dk<\/p>\n<p>2&#8243; Nozul: 3 m \u2013 339 lt\/dk, 7 m \u2013 525 lt\/dk<\/p>\n","protected":false},"excerpt":{"rendered":"<p>1\u201d ve 2\u201d plastik giri\u015fli, \u00fc\u00e7 kademeli volkan f\u0131skiye nozulu. Su efektleri i\u00e7in idealdir.<\/p>\n","protected":false},"featured_media":1603,"comment_status":"open","ping_status":"closed","template":"","meta":{"site-sidebar-layout":"default","site-content-layout":"","ast-site-content-layout":"default","site-content-style":"default","site-sidebar-style":"default","ast-global-header-display":"","ast-banner-title-visibility":"","ast-main-header-display":"","ast-hfb-above-header-display":"","ast-hfb-below-header-display":"","ast-hfb-mobile-header-display":"","site-post-title":"","ast-breadcrumbs-content":"","ast-featured-img":"","footer-sml-layout":"","theme-transparent-header-meta":"default","adv-header-id-meta":"","stick-header-meta":"","header-above-stick-meta":"","header-main-stick-meta":"","header-below-stick-meta":"","astra-migrate-meta-layouts":"set","ast-page-background-enabled":"default","ast-page-background-meta":{"desktop":{"background-color":"var(--ast-global-color-5)","background-image":"","background-repeat":"repeat","background-position":"center center","background-size":"auto","background-attachment":"scroll","background-type":"","background-media":"","overlay-type":"","overlay-color":"","overlay-opacity":"","overlay-gradient":""},"tablet":{"background-color":"","background-image":"","background-repeat":"repeat","background-position":"center center","background-size":"auto","background-attachment":"scroll","background-type":"","background-media":"","overlay-type":"","overlay-color":"","overlay-opacity":"","overlay-gradient":""},"mobile":{"background-color":"","background-image":"","background-repeat":"repeat","background-position":"center center","background-size":"auto","background-attachment":"scroll","background-type":"","background-media":"","overlay-type":"","overlay-color":"","overlay-opacity":"","overlay-gradient":""}},"ast-content-background-meta":{"desktop":{"background-color":"var(--ast-global-color-4)","background-image":"","background-repeat":"repeat","background-position":"center center","background-size":"auto","background-attachment":"scroll","background-type":"","background-media":"","overlay-type":"","overlay-color":"","overlay-opacity":"","overlay-gradient":""},"tablet":{"background-color":"var(--ast-global-color-4)","background-image":"","background-repeat":"repeat","background-position":"center center","background-size":"auto","background-attachment":"scroll","background-type":"","background-media":"","overlay-type":"","overlay-color":"","overlay-opacity":"","overlay-gradient":""},"mobile":{"background-color":"var(--ast-global-color-4)","background-image":"","background-repeat":"repeat","background-position":"center center","background-size":"auto","background-attachment":"scroll","background-type":"","background-media":"","overlay-type":"","overlay-color":"","overlay-opacity":"","overlay-gradient":""}}},"product_brand":[30],"product_cat":[1900],"product_tag":[2181,2140,2180,2178,2179,2045,2177,2176],"class_list":{"0":"post-1602","1":"product","2":"type-product","3":"status-publish","4":"has-post-thumbnail","6":"product_brand-atlaspool","7":"product_cat-sus-havuzu-aydinlatma-lambalari","8":"product_tag-bahce-fiskiye-basligi","9":"product_tag-dekoratif-fiskiye","10":"product_tag-peyzaj-fiskiyesi","11":"product_tag-plastik-fiskiye-nozulu","12":"product_tag-su-oyunlari-ekipmani","13":"product_tag-sus-havuzu-nozulu","14":"product_tag-uc-kademeli-fiskiye","15":"product_tag-volkan-fiskiye-nozulu","16":"desktop-align-left","17":"tablet-align-left","18":"mobile-align-left","20":"first","21":"instock","22":"shipping-taxable","23":"purchasable","24":"product-type-variable"},"yoast_head":"<!-- This site is optimized with the Yoast SEO plugin v25.0 - https:\/\/yoast.com\/wordpress\/plugins\/seo\/ -->\n<title>Volkan Plastik F\u0131skiye Nozullar\u0131 -<\/title>\n<meta name=\"robots\" content=\"index, follow, max-snippet:-1, max-image-preview:large, max-video-preview:-1\" \/>\n<link rel=\"canonical\" href=\"https:\/\/www.havuzadairhersey.com\/index.php\/urun\/volkan-plastik-fiskiye-nozullari\/\" \/>\n<meta property=\"og:locale\" content=\"tr_TR\" \/>\n<meta property=\"og:type\" content=\"article\" \/>\n<meta property=\"og:title\" content=\"Volkan Plastik F\u0131skiye Nozullar\u0131 -\" \/>\n<meta property=\"og:description\" content=\"1\u201d ve 2\u201d plastik giri\u015fli, \u00fc\u00e7 kademeli volkan f\u0131skiye nozulu. Su efektleri i\u00e7in idealdir.\" \/>\n<meta property=\"og:url\" content=\"https:\/\/www.havuzadairhersey.com\/index.php\/urun\/volkan-plastik-fiskiye-nozullari\/\" \/>\n<meta property=\"og:image\" content=\"https:\/\/www.havuzadairhersey.com\/wp-content\/uploads\/2025\/04\/1-168.png\" \/>\n\t<meta property=\"og:image:width\" content=\"1875\" \/>\n\t<meta property=\"og:image:height\" content=\"2500\" \/>\n\t<meta property=\"og:image:type\" content=\"image\/png\" \/>\n<meta name=\"twitter:card\" content=\"summary_large_image\" \/>\n<script type=\"application\/ld+json\" class=\"yoast-schema-graph\">{\"@context\":\"https:\/\/schema.org\",\"@graph\":[{\"@type\":\"WebPage\",\"@id\":\"https:\/\/www.havuzadairhersey.com\/index.php\/urun\/volkan-plastik-fiskiye-nozullari\/\",\"url\":\"https:\/\/www.havuzadairhersey.com\/index.php\/urun\/volkan-plastik-fiskiye-nozullari\/\",\"name\":\"Volkan Plastik F\u0131skiye Nozullar\u0131 -\",\"isPartOf\":{\"@id\":\"https:\/\/www.havuzadairhersey.com\/#website\"},\"primaryImageOfPage\":{\"@id\":\"https:\/\/www.havuzadairhersey.com\/index.php\/urun\/volkan-plastik-fiskiye-nozullari\/#primaryimage\"},\"image\":{\"@id\":\"https:\/\/www.havuzadairhersey.com\/index.php\/urun\/volkan-plastik-fiskiye-nozullari\/#primaryimage\"},\"thumbnailUrl\":\"https:\/\/www.havuzadairhersey.com\/wp-content\/uploads\/2025\/04\/1-168.png\",\"datePublished\":\"2025-04-13T21:42:47+00:00\",\"breadcrumb\":{\"@id\":\"https:\/\/www.havuzadairhersey.com\/index.php\/urun\/volkan-plastik-fiskiye-nozullari\/#breadcrumb\"},\"inLanguage\":\"tr\",\"potentialAction\":[{\"@type\":\"ReadAction\",\"target\":[\"https:\/\/www.havuzadairhersey.com\/index.php\/urun\/volkan-plastik-fiskiye-nozullari\/\"]}]},{\"@type\":\"ImageObject\",\"inLanguage\":\"tr\",\"@id\":\"https:\/\/www.havuzadairhersey.com\/index.php\/urun\/volkan-plastik-fiskiye-nozullari\/#primaryimage\",\"url\":\"https:\/\/www.havuzadairhersey.com\/wp-content\/uploads\/2025\/04\/1-168.png\",\"contentUrl\":\"https:\/\/www.havuzadairhersey.com\/wp-content\/uploads\/2025\/04\/1-168.png\",\"width\":1875,\"height\":2500,\"caption\":\"1\\\" ve 2\\\" giri\u015fli \u00fc\u00e7 katmanl\u0131 dekoratif f\u0131skiye nozullar\u0131\"},{\"@type\":\"BreadcrumbList\",\"@id\":\"https:\/\/www.havuzadairhersey.com\/index.php\/urun\/volkan-plastik-fiskiye-nozullari\/#breadcrumb\",\"itemListElement\":[{\"@type\":\"ListItem\",\"position\":1,\"name\":\"Anasayfa\",\"item\":\"https:\/\/www.havuzadairhersey.com\/\"},{\"@type\":\"ListItem\",\"position\":2,\"name\":\"Ma\u011faza\",\"item\":\"https:\/\/www.havuzadairhersey.com\/\"},{\"@type\":\"ListItem\",\"position\":3,\"name\":\"Volkan Plastik F\u0131skiye Nozullar\u0131\"}]},{\"@type\":\"WebSite\",\"@id\":\"https:\/\/www.havuzadairhersey.com\/#website\",\"url\":\"https:\/\/www.havuzadairhersey.com\/\",\"name\":\"\",\"description\":\"Havuza dair arad\u0131\u011f\u0131n\u0131z her\u015fey burada...\",\"potentialAction\":[{\"@type\":\"SearchAction\",\"target\":{\"@type\":\"EntryPoint\",\"urlTemplate\":\"https:\/\/www.havuzadairhersey.com\/?s={search_term_string}\"},\"query-input\":{\"@type\":\"PropertyValueSpecification\",\"valueRequired\":true,\"valueName\":\"search_term_string\"}}],\"inLanguage\":\"tr\"}]}<\/script>\n<!-- \/ Yoast SEO plugin. -->","yoast_head_json":{"title":"Volkan Plastik F\u0131skiye Nozullar\u0131 -","robots":{"index":"index","follow":"follow","max-snippet":"max-snippet:-1","max-image-preview":"max-image-preview:large","max-video-preview":"max-video-preview:-1"},"canonical":"https:\/\/www.havuzadairhersey.com\/index.php\/urun\/volkan-plastik-fiskiye-nozullari\/","og_locale":"tr_TR","og_type":"article","og_title":"Volkan Plastik F\u0131skiye Nozullar\u0131 -","og_description":"1\u201d ve 2\u201d plastik giri\u015fli, \u00fc\u00e7 kademeli volkan f\u0131skiye nozulu. Su efektleri i\u00e7in idealdir.","og_url":"https:\/\/www.havuzadairhersey.com\/index.php\/urun\/volkan-plastik-fiskiye-nozullari\/","og_image":[{"width":1875,"height":2500,"url":"https:\/\/www.havuzadairhersey.com\/wp-content\/uploads\/2025\/04\/1-168.png","type":"image\/png"}],"twitter_card":"summary_large_image","schema":{"@context":"https:\/\/schema.org","@graph":[{"@type":"WebPage","@id":"https:\/\/www.havuzadairhersey.com\/index.php\/urun\/volkan-plastik-fiskiye-nozullari\/","url":"https:\/\/www.havuzadairhersey.com\/index.php\/urun\/volkan-plastik-fiskiye-nozullari\/","name":"Volkan Plastik F\u0131skiye Nozullar\u0131 -","isPartOf":{"@id":"https:\/\/www.havuzadairhersey.com\/#website"},"primaryImageOfPage":{"@id":"https:\/\/www.havuzadairhersey.com\/index.php\/urun\/volkan-plastik-fiskiye-nozullari\/#primaryimage"},"image":{"@id":"https:\/\/www.havuzadairhersey.com\/index.php\/urun\/volkan-plastik-fiskiye-nozullari\/#primaryimage"},"thumbnailUrl":"https:\/\/www.havuzadairhersey.com\/wp-content\/uploads\/2025\/04\/1-168.png","datePublished":"2025-04-13T21:42:47+00:00","breadcrumb":{"@id":"https:\/\/www.havuzadairhersey.com\/index.php\/urun\/volkan-plastik-fiskiye-nozullari\/#breadcrumb"},"inLanguage":"tr","potentialAction":[{"@type":"ReadAction","target":["https:\/\/www.havuzadairhersey.com\/index.php\/urun\/volkan-plastik-fiskiye-nozullari\/"]}]},{"@type":"ImageObject","inLanguage":"tr","@id":"https:\/\/www.havuzadairhersey.com\/index.php\/urun\/volkan-plastik-fiskiye-nozullari\/#primaryimage","url":"https:\/\/www.havuzadairhersey.com\/wp-content\/uploads\/2025\/04\/1-168.png","contentUrl":"https:\/\/www.havuzadairhersey.com\/wp-content\/uploads\/2025\/04\/1-168.png","width":1875,"height":2500,"caption":"1\" ve 2\" giri\u015fli \u00fc\u00e7 katmanl\u0131 dekoratif f\u0131skiye nozullar\u0131"},{"@type":"BreadcrumbList","@id":"https:\/\/www.havuzadairhersey.com\/index.php\/urun\/volkan-plastik-fiskiye-nozullari\/#breadcrumb","itemListElement":[{"@type":"ListItem","position":1,"name":"Anasayfa","item":"https:\/\/www.havuzadairhersey.com\/"},{"@type":"ListItem","position":2,"name":"Ma\u011faza","item":"https:\/\/www.havuzadairhersey.com\/"},{"@type":"ListItem","position":3,"name":"Volkan Plastik F\u0131skiye Nozullar\u0131"}]},{"@type":"WebSite","@id":"https:\/\/www.havuzadairhersey.com\/#website","url":"https:\/\/www.havuzadairhersey.com\/","name":"","description":"Havuza dair arad\u0131\u011f\u0131n\u0131z her\u015fey burada...","potentialAction":[{"@type":"SearchAction","target":{"@type":"EntryPoint","urlTemplate":"https:\/\/www.havuzadairhersey.com\/?s={search_term_string}"},"query-input":{"@type":"PropertyValueSpecification","valueRequired":true,"valueName":"search_term_string"}}],"inLanguage":"tr"}]}},"_links":{"self":[{"href":"https:\/\/www.havuzadairhersey.com\/index.php\/wp-json\/wp\/v2\/product\/1602","targetHints":{"allow":["GET"]}}],"collection":[{"href":"https:\/\/www.havuzadairhersey.com\/index.php\/wp-json\/wp\/v2\/product"}],"about":[{"href":"https:\/\/www.havuzadairhersey.com\/index.php\/wp-json\/wp\/v2\/types\/product"}],"replies":[{"embeddable":true,"href":"https:\/\/www.havuzadairhersey.com\/index.php\/wp-json\/wp\/v2\/comments?post=1602"}],"wp:featuredmedia":[{"embeddable":true,"href":"https:\/\/www.havuzadairhersey.com\/index.php\/wp-json\/wp\/v2\/media\/1603"}],"wp:attachment":[{"href":"https:\/\/www.havuzadairhersey.com\/index.php\/wp-json\/wp\/v2\/media?parent=1602"}],"wp:term":[{"taxonomy":"product_brand","embeddable":true,"href":"https:\/\/www.havuzadairhersey.com\/index.php\/wp-json\/wp\/v2\/product_brand?post=1602"},{"taxonomy":"product_cat","embeddable":true,"href":"https:\/\/www.havuzadairhersey.com\/index.php\/wp-json\/wp\/v2\/product_cat?post=1602"},{"taxonomy":"product_tag","embeddable":true,"href":"https:\/\/www.havuzadairhersey.com\/index.php\/wp-json\/wp\/v2\/product_tag?post=1602"}],"curies":[{"name":"wp","href":"https:\/\/api.w.org\/{rel}","templated":true}]}}