{"id":1891,"date":"2025-04-17T21:15:44","date_gmt":"2025-04-17T18:15:44","guid":{"rendered":"https:\/\/www.havuzadairhersey.com\/?post_type=product&#038;p=1891"},"modified":"2025-04-17T21:15:45","modified_gmt":"2025-04-17T18:15:45","slug":"trifaze-storm-on-filtresiz-havuz-pompasi-yuksek-debili-bronz-fanli-50-hz-ip55-sertifikali","status":"publish","type":"product","link":"https:\/\/www.havuzadairhersey.com\/index.php\/urun\/trifaze-storm-on-filtresiz-havuz-pompasi-yuksek-debili-bronz-fanli-50-hz-ip55-sertifikali\/","title":{"rendered":"Trifaze Storm \u00d6n Filtresiz Havuz Pompas\u0131, Y\u00fcksek Debili, Bronz Fanl\u0131, 50 Hz IP55 Sertifikal\u0131"},"content":{"rendered":"<p>Bu trifaze storm \u00f6n filtresiz havuz pompas\u0131 serisi, 7.50 HP&#8217;den 15.00 HP&#8217;ye kadar farkl\u0131 motor g\u00fc\u00e7lerinde \u00fcst\u00fcn performans sunar. 50 Hz \u00e7al\u0131\u015fma frekans\u0131na sahip, IP55 koruma s\u0131n\u0131f\u0131ndaki motor sistemi ile g\u00fcvenli ve uzun \u00f6m\u00fcrl\u00fc kullan\u0131m sa\u011flar. Maksimum 190 m\u00b3\/h debi kapasitesine ula\u015fabilen bu pompalar, \u00f6zellikle b\u00fcy\u00fck y\u00fczme havuzlar\u0131 ve ticari tesislerde y\u00fcksek debi ihtiyac\u0131 olan uygulamalarda idealdir. Bronz fan\u0131 sayesinde maksimum verimlilik ve dayan\u0131kl\u0131l\u0131k sa\u011flar. ISO 9001:2015 kalite belgeli, T\u00fcrkiye\u2019de \u00fcretilmi\u015f ve CE, TSE sertifikalar\u0131na sahiptir.<\/p>\n","protected":false},"excerpt":{"rendered":"<p>Y\u00fcksek debili, trifaze storm \u00f6n filtresiz plastik havuz pompas\u0131. 7.5\u201315 HP aras\u0131 motor g\u00fcc\u00fc se\u00e7enekleri ile profesyonel kullan\u0131ma uygundur.<\/p>\n","protected":false},"featured_media":1892,"comment_status":"open","ping_status":"closed","template":"","meta":{"site-sidebar-layout":"default","site-content-layout":"","ast-site-content-layout":"default","site-content-style":"default","site-sidebar-style":"default","ast-global-header-display":"","ast-banner-title-visibility":"","ast-main-header-display":"","ast-hfb-above-header-display":"","ast-hfb-below-header-display":"","ast-hfb-mobile-header-display":"","site-post-title":"","ast-breadcrumbs-content":"","ast-featured-img":"","footer-sml-layout":"","theme-transparent-header-meta":"default","adv-header-id-meta":"","stick-header-meta":"","header-above-stick-meta":"","header-main-stick-meta":"","header-below-stick-meta":"","astra-migrate-meta-layouts":"set","ast-page-background-enabled":"default","ast-page-background-meta":{"desktop":{"background-color":"var(--ast-global-color-5)","background-image":"","background-repeat":"repeat","background-position":"center center","background-size":"auto","background-attachment":"scroll","background-type":"","background-media":"","overlay-type":"","overlay-color":"","overlay-opacity":"","overlay-gradient":""},"tablet":{"background-color":"","background-image":"","background-repeat":"repeat","background-position":"center center","background-size":"auto","background-attachment":"scroll","background-type":"","background-media":"","overlay-type":"","overlay-color":"","overlay-opacity":"","overlay-gradient":""},"mobile":{"background-color":"","background-image":"","background-repeat":"repeat","background-position":"center center","background-size":"auto","background-attachment":"scroll","background-type":"","background-media":"","overlay-type":"","overlay-color":"","overlay-opacity":"","overlay-gradient":""}},"ast-content-background-meta":{"desktop":{"background-color":"var(--ast-global-color-4)","background-image":"","background-repeat":"repeat","background-position":"center center","background-size":"auto","background-attachment":"scroll","background-type":"","background-media":"","overlay-type":"","overlay-color":"","overlay-opacity":"","overlay-gradient":""},"tablet":{"background-color":"var(--ast-global-color-4)","background-image":"","background-repeat":"repeat","background-position":"center center","background-size":"auto","background-attachment":"scroll","background-type":"","background-media":"","overlay-type":"","overlay-color":"","overlay-opacity":"","overlay-gradient":""},"mobile":{"background-color":"var(--ast-global-color-4)","background-image":"","background-repeat":"repeat","background-position":"center center","background-size":"auto","background-attachment":"scroll","background-type":"","background-media":"","overlay-type":"","overlay-color":"","overlay-opacity":"","overlay-gradient":""}}},"product_brand":[30],"product_cat":[2603],"product_tag":[2692,2702,2690,2701,2643,2668,2673,2699,2608,2368,2700],"class_list":{"0":"post-1891","1":"product","2":"type-product","3":"status-publish","4":"has-post-thumbnail","6":"product_brand-atlaspool","7":"product_cat-havuz-pompalari","8":"product_tag-15-hp-havuz-pompasi","9":"product_tag-50-hz-havuz-motoru","10":"product_tag-bronz-fanli-pompa","11":"product_tag-ce-belgeli-pompa","12":"product_tag-ip55-motor","13":"product_tag-on-filtresiz-pompa","14":"product_tag-storm-havuz-pompasi","15":"product_tag-ticari-havuz-pompasi","16":"product_tag-trifaze-havuz-pompasi","17":"product_tag-yuksek-debili-pompa","18":"product_tag-yuzme-havuzu-pompasi","19":"desktop-align-left","20":"tablet-align-left","21":"mobile-align-left","23":"first","24":"instock","25":"shipping-taxable","26":"purchasable","27":"product-type-variable"},"yoast_head":"<!-- This site is optimized with the Yoast SEO plugin v25.0 - https:\/\/yoast.com\/wordpress\/plugins\/seo\/ -->\n<title>Trifaze Storm \u00d6n Filtresiz Havuz Pompas\u0131, Y\u00fcksek Debili, Bronz Fanl\u0131, 50 Hz IP55 Sertifikal\u0131 -<\/title>\n<meta name=\"robots\" content=\"index, follow, max-snippet:-1, max-image-preview:large, max-video-preview:-1\" \/>\n<link rel=\"canonical\" href=\"https:\/\/www.havuzadairhersey.com\/index.php\/urun\/trifaze-storm-on-filtresiz-havuz-pompasi-yuksek-debili-bronz-fanli-50-hz-ip55-sertifikali\/\" \/>\n<meta property=\"og:locale\" content=\"tr_TR\" \/>\n<meta property=\"og:type\" content=\"article\" \/>\n<meta property=\"og:title\" content=\"Trifaze Storm \u00d6n Filtresiz Havuz Pompas\u0131, Y\u00fcksek Debili, Bronz Fanl\u0131, 50 Hz IP55 Sertifikal\u0131 -\" \/>\n<meta property=\"og:description\" content=\"Y\u00fcksek debili, trifaze storm \u00f6n filtresiz plastik havuz pompas\u0131. 7.5\u201315 HP aras\u0131 motor g\u00fcc\u00fc se\u00e7enekleri ile profesyonel kullan\u0131ma uygundur.\" \/>\n<meta property=\"og:url\" content=\"https:\/\/www.havuzadairhersey.com\/index.php\/urun\/trifaze-storm-on-filtresiz-havuz-pompasi-yuksek-debili-bronz-fanli-50-hz-ip55-sertifikali\/\" \/>\n<meta property=\"article:modified_time\" content=\"2025-04-17T18:15:45+00:00\" \/>\n<meta property=\"og:image\" content=\"https:\/\/www.havuzadairhersey.com\/wp-content\/uploads\/2025\/04\/1-219.png\" \/>\n\t<meta property=\"og:image:width\" content=\"1875\" \/>\n\t<meta property=\"og:image:height\" content=\"2500\" \/>\n\t<meta property=\"og:image:type\" content=\"image\/png\" \/>\n<meta name=\"twitter:card\" content=\"summary_large_image\" \/>\n<script type=\"application\/ld+json\" class=\"yoast-schema-graph\">{\"@context\":\"https:\/\/schema.org\",\"@graph\":[{\"@type\":\"WebPage\",\"@id\":\"https:\/\/www.havuzadairhersey.com\/index.php\/urun\/trifaze-storm-on-filtresiz-havuz-pompasi-yuksek-debili-bronz-fanli-50-hz-ip55-sertifikali\/\",\"url\":\"https:\/\/www.havuzadairhersey.com\/index.php\/urun\/trifaze-storm-on-filtresiz-havuz-pompasi-yuksek-debili-bronz-fanli-50-hz-ip55-sertifikali\/\",\"name\":\"Trifaze Storm \u00d6n Filtresiz Havuz Pompas\u0131, Y\u00fcksek Debili, Bronz Fanl\u0131, 50 Hz IP55 Sertifikal\u0131 -\",\"isPartOf\":{\"@id\":\"https:\/\/www.havuzadairhersey.com\/#website\"},\"primaryImageOfPage\":{\"@id\":\"https:\/\/www.havuzadairhersey.com\/index.php\/urun\/trifaze-storm-on-filtresiz-havuz-pompasi-yuksek-debili-bronz-fanli-50-hz-ip55-sertifikali\/#primaryimage\"},\"image\":{\"@id\":\"https:\/\/www.havuzadairhersey.com\/index.php\/urun\/trifaze-storm-on-filtresiz-havuz-pompasi-yuksek-debili-bronz-fanli-50-hz-ip55-sertifikali\/#primaryimage\"},\"thumbnailUrl\":\"https:\/\/www.havuzadairhersey.com\/wp-content\/uploads\/2025\/04\/1-219.png\",\"datePublished\":\"2025-04-17T18:15:44+00:00\",\"dateModified\":\"2025-04-17T18:15:45+00:00\",\"breadcrumb\":{\"@id\":\"https:\/\/www.havuzadairhersey.com\/index.php\/urun\/trifaze-storm-on-filtresiz-havuz-pompasi-yuksek-debili-bronz-fanli-50-hz-ip55-sertifikali\/#breadcrumb\"},\"inLanguage\":\"tr\",\"potentialAction\":[{\"@type\":\"ReadAction\",\"target\":[\"https:\/\/www.havuzadairhersey.com\/index.php\/urun\/trifaze-storm-on-filtresiz-havuz-pompasi-yuksek-debili-bronz-fanli-50-hz-ip55-sertifikali\/\"]}]},{\"@type\":\"ImageObject\",\"inLanguage\":\"tr\",\"@id\":\"https:\/\/www.havuzadairhersey.com\/index.php\/urun\/trifaze-storm-on-filtresiz-havuz-pompasi-yuksek-debili-bronz-fanli-50-hz-ip55-sertifikali\/#primaryimage\",\"url\":\"https:\/\/www.havuzadairhersey.com\/wp-content\/uploads\/2025\/04\/1-219.png\",\"contentUrl\":\"https:\/\/www.havuzadairhersey.com\/wp-content\/uploads\/2025\/04\/1-219.png\",\"width\":1875,\"height\":2500,\"caption\":\"Y\u00fcksek debi sa\u011flayan, bronz fanl\u0131 trifaze havuz pompas\u0131\"},{\"@type\":\"BreadcrumbList\",\"@id\":\"https:\/\/www.havuzadairhersey.com\/index.php\/urun\/trifaze-storm-on-filtresiz-havuz-pompasi-yuksek-debili-bronz-fanli-50-hz-ip55-sertifikali\/#breadcrumb\",\"itemListElement\":[{\"@type\":\"ListItem\",\"position\":1,\"name\":\"Anasayfa\",\"item\":\"https:\/\/www.havuzadairhersey.com\/\"},{\"@type\":\"ListItem\",\"position\":2,\"name\":\"Ma\u011faza\",\"item\":\"https:\/\/www.havuzadairhersey.com\/\"},{\"@type\":\"ListItem\",\"position\":3,\"name\":\"Trifaze Storm \u00d6n Filtresiz Havuz Pompas\u0131, Y\u00fcksek Debili, Bronz Fanl\u0131, 50 Hz IP55 Sertifikal\u0131\"}]},{\"@type\":\"WebSite\",\"@id\":\"https:\/\/www.havuzadairhersey.com\/#website\",\"url\":\"https:\/\/www.havuzadairhersey.com\/\",\"name\":\"\",\"description\":\"Havuza dair arad\u0131\u011f\u0131n\u0131z her\u015fey burada...\",\"potentialAction\":[{\"@type\":\"SearchAction\",\"target\":{\"@type\":\"EntryPoint\",\"urlTemplate\":\"https:\/\/www.havuzadairhersey.com\/?s={search_term_string}\"},\"query-input\":{\"@type\":\"PropertyValueSpecification\",\"valueRequired\":true,\"valueName\":\"search_term_string\"}}],\"inLanguage\":\"tr\"}]}<\/script>\n<!-- \/ Yoast SEO plugin. -->","yoast_head_json":{"title":"Trifaze Storm \u00d6n Filtresiz Havuz Pompas\u0131, Y\u00fcksek Debili, Bronz Fanl\u0131, 50 Hz IP55 Sertifikal\u0131 -","robots":{"index":"index","follow":"follow","max-snippet":"max-snippet:-1","max-image-preview":"max-image-preview:large","max-video-preview":"max-video-preview:-1"},"canonical":"https:\/\/www.havuzadairhersey.com\/index.php\/urun\/trifaze-storm-on-filtresiz-havuz-pompasi-yuksek-debili-bronz-fanli-50-hz-ip55-sertifikali\/","og_locale":"tr_TR","og_type":"article","og_title":"Trifaze Storm \u00d6n Filtresiz Havuz Pompas\u0131, Y\u00fcksek Debili, Bronz Fanl\u0131, 50 Hz IP55 Sertifikal\u0131 -","og_description":"Y\u00fcksek debili, trifaze storm \u00f6n filtresiz plastik havuz pompas\u0131. 7.5\u201315 HP aras\u0131 motor g\u00fcc\u00fc se\u00e7enekleri ile profesyonel kullan\u0131ma uygundur.","og_url":"https:\/\/www.havuzadairhersey.com\/index.php\/urun\/trifaze-storm-on-filtresiz-havuz-pompasi-yuksek-debili-bronz-fanli-50-hz-ip55-sertifikali\/","article_modified_time":"2025-04-17T18:15:45+00:00","og_image":[{"width":1875,"height":2500,"url":"https:\/\/www.havuzadairhersey.com\/wp-content\/uploads\/2025\/04\/1-219.png","type":"image\/png"}],"twitter_card":"summary_large_image","schema":{"@context":"https:\/\/schema.org","@graph":[{"@type":"WebPage","@id":"https:\/\/www.havuzadairhersey.com\/index.php\/urun\/trifaze-storm-on-filtresiz-havuz-pompasi-yuksek-debili-bronz-fanli-50-hz-ip55-sertifikali\/","url":"https:\/\/www.havuzadairhersey.com\/index.php\/urun\/trifaze-storm-on-filtresiz-havuz-pompasi-yuksek-debili-bronz-fanli-50-hz-ip55-sertifikali\/","name":"Trifaze Storm \u00d6n Filtresiz Havuz Pompas\u0131, Y\u00fcksek Debili, Bronz Fanl\u0131, 50 Hz IP55 Sertifikal\u0131 -","isPartOf":{"@id":"https:\/\/www.havuzadairhersey.com\/#website"},"primaryImageOfPage":{"@id":"https:\/\/www.havuzadairhersey.com\/index.php\/urun\/trifaze-storm-on-filtresiz-havuz-pompasi-yuksek-debili-bronz-fanli-50-hz-ip55-sertifikali\/#primaryimage"},"image":{"@id":"https:\/\/www.havuzadairhersey.com\/index.php\/urun\/trifaze-storm-on-filtresiz-havuz-pompasi-yuksek-debili-bronz-fanli-50-hz-ip55-sertifikali\/#primaryimage"},"thumbnailUrl":"https:\/\/www.havuzadairhersey.com\/wp-content\/uploads\/2025\/04\/1-219.png","datePublished":"2025-04-17T18:15:44+00:00","dateModified":"2025-04-17T18:15:45+00:00","breadcrumb":{"@id":"https:\/\/www.havuzadairhersey.com\/index.php\/urun\/trifaze-storm-on-filtresiz-havuz-pompasi-yuksek-debili-bronz-fanli-50-hz-ip55-sertifikali\/#breadcrumb"},"inLanguage":"tr","potentialAction":[{"@type":"ReadAction","target":["https:\/\/www.havuzadairhersey.com\/index.php\/urun\/trifaze-storm-on-filtresiz-havuz-pompasi-yuksek-debili-bronz-fanli-50-hz-ip55-sertifikali\/"]}]},{"@type":"ImageObject","inLanguage":"tr","@id":"https:\/\/www.havuzadairhersey.com\/index.php\/urun\/trifaze-storm-on-filtresiz-havuz-pompasi-yuksek-debili-bronz-fanli-50-hz-ip55-sertifikali\/#primaryimage","url":"https:\/\/www.havuzadairhersey.com\/wp-content\/uploads\/2025\/04\/1-219.png","contentUrl":"https:\/\/www.havuzadairhersey.com\/wp-content\/uploads\/2025\/04\/1-219.png","width":1875,"height":2500,"caption":"Y\u00fcksek debi sa\u011flayan, bronz fanl\u0131 trifaze havuz pompas\u0131"},{"@type":"BreadcrumbList","@id":"https:\/\/www.havuzadairhersey.com\/index.php\/urun\/trifaze-storm-on-filtresiz-havuz-pompasi-yuksek-debili-bronz-fanli-50-hz-ip55-sertifikali\/#breadcrumb","itemListElement":[{"@type":"ListItem","position":1,"name":"Anasayfa","item":"https:\/\/www.havuzadairhersey.com\/"},{"@type":"ListItem","position":2,"name":"Ma\u011faza","item":"https:\/\/www.havuzadairhersey.com\/"},{"@type":"ListItem","position":3,"name":"Trifaze Storm \u00d6n Filtresiz Havuz Pompas\u0131, Y\u00fcksek Debili, Bronz Fanl\u0131, 50 Hz IP55 Sertifikal\u0131"}]},{"@type":"WebSite","@id":"https:\/\/www.havuzadairhersey.com\/#website","url":"https:\/\/www.havuzadairhersey.com\/","name":"","description":"Havuza dair arad\u0131\u011f\u0131n\u0131z her\u015fey burada...","potentialAction":[{"@type":"SearchAction","target":{"@type":"EntryPoint","urlTemplate":"https:\/\/www.havuzadairhersey.com\/?s={search_term_string}"},"query-input":{"@type":"PropertyValueSpecification","valueRequired":true,"valueName":"search_term_string"}}],"inLanguage":"tr"}]}},"_links":{"self":[{"href":"https:\/\/www.havuzadairhersey.com\/index.php\/wp-json\/wp\/v2\/product\/1891","targetHints":{"allow":["GET"]}}],"collection":[{"href":"https:\/\/www.havuzadairhersey.com\/index.php\/wp-json\/wp\/v2\/product"}],"about":[{"href":"https:\/\/www.havuzadairhersey.com\/index.php\/wp-json\/wp\/v2\/types\/product"}],"replies":[{"embeddable":true,"href":"https:\/\/www.havuzadairhersey.com\/index.php\/wp-json\/wp\/v2\/comments?post=1891"}],"wp:featuredmedia":[{"embeddable":true,"href":"https:\/\/www.havuzadairhersey.com\/index.php\/wp-json\/wp\/v2\/media\/1892"}],"wp:attachment":[{"href":"https:\/\/www.havuzadairhersey.com\/index.php\/wp-json\/wp\/v2\/media?parent=1891"}],"wp:term":[{"taxonomy":"product_brand","embeddable":true,"href":"https:\/\/www.havuzadairhersey.com\/index.php\/wp-json\/wp\/v2\/product_brand?post=1891"},{"taxonomy":"product_cat","embeddable":true,"href":"https:\/\/www.havuzadairhersey.com\/index.php\/wp-json\/wp\/v2\/product_cat?post=1891"},{"taxonomy":"product_tag","embeddable":true,"href":"https:\/\/www.havuzadairhersey.com\/index.php\/wp-json\/wp\/v2\/product_tag?post=1891"}],"curies":[{"name":"wp","href":"https:\/\/api.w.org\/{rel}","templated":true}]}}