{"id":2747,"date":"2025-04-29T22:53:51","date_gmt":"2025-04-29T19:53:51","guid":{"rendered":"https:\/\/www.havuzadairhersey.com\/?post_type=product&#038;p=2747"},"modified":"2025-04-29T22:53:52","modified_gmt":"2025-04-29T19:53:52","slug":"disli-duvar-tipi-havuz-besleme-nozulu-abs-govde-uv-dayanikli-neta-pool-uretimi","status":"publish","type":"product","link":"https:\/\/www.havuzadairhersey.com\/index.php\/urun\/disli-duvar-tipi-havuz-besleme-nozulu-abs-govde-uv-dayanikli-neta-pool-uretimi\/","title":{"rendered":"Di\u015fli Duvar Tipi Havuz Besleme Nozulu, ABS G\u00f6vde, UV Dayan\u0131kl\u0131, Neta Pool \u00dcretimi"},"content":{"rendered":"<p>Bu 63 mm di\u015fli ba\u011flant\u0131ya sahip havuz besleme nozulu, y\u00fcksek kaliteli ABS plastikten enjeksiyonla \u00fcretilmi\u015ftir. Dayan\u0131kl\u0131 g\u00f6vde yap\u0131s\u0131yla uzun \u00f6m\u00fcrl\u00fc kullan\u0131m sunar. 210 mm g\u00f6vde \u00e7ap\u0131na sahip olan bu \u00fcr\u00fcn, UV \u0131\u015f\u0131nlar\u0131na kar\u015f\u0131 dayan\u0131kl\u0131d\u0131r ve g\u00fcne\u015ften etkilenmez. Neta Pool taraf\u0131ndan T\u00fcrkiye\u2019de \u00fcretilmi\u015f olup, hem sa\u011flaml\u0131\u011f\u0131 hem de estetik g\u00f6r\u00fcn\u00fcm\u00fcyle \u00f6ne \u00e7\u0131kar. Her t\u00fcr y\u00fczme havuzu sistemine uyum sa\u011flar.<\/p>\n","protected":false},"excerpt":{"rendered":"<p>63 mm di\u015fli ba\u011flant\u0131l\u0131, UV dayan\u0131kl\u0131 ABS plastik havuz besleme nozulu.<\/p>\n","protected":false},"featured_media":2748,"comment_status":"open","ping_status":"closed","template":"","meta":{"site-sidebar-layout":"default","site-content-layout":"","ast-site-content-layout":"default","site-content-style":"default","site-sidebar-style":"default","ast-global-header-display":"","ast-banner-title-visibility":"","ast-main-header-display":"","ast-hfb-above-header-display":"","ast-hfb-below-header-display":"","ast-hfb-mobile-header-display":"","site-post-title":"","ast-breadcrumbs-content":"","ast-featured-img":"","footer-sml-layout":"","theme-transparent-header-meta":"default","adv-header-id-meta":"","stick-header-meta":"","header-above-stick-meta":"","header-main-stick-meta":"","header-below-stick-meta":"","astra-migrate-meta-layouts":"set","ast-page-background-enabled":"default","ast-page-background-meta":{"desktop":{"background-color":"var(--ast-global-color-5)","background-image":"","background-repeat":"repeat","background-position":"center center","background-size":"auto","background-attachment":"scroll","background-type":"","background-media":"","overlay-type":"","overlay-color":"","overlay-opacity":"","overlay-gradient":""},"tablet":{"background-color":"","background-image":"","background-repeat":"repeat","background-position":"center center","background-size":"auto","background-attachment":"scroll","background-type":"","background-media":"","overlay-type":"","overlay-color":"","overlay-opacity":"","overlay-gradient":""},"mobile":{"background-color":"","background-image":"","background-repeat":"repeat","background-position":"center center","background-size":"auto","background-attachment":"scroll","background-type":"","background-media":"","overlay-type":"","overlay-color":"","overlay-opacity":"","overlay-gradient":""}},"ast-content-background-meta":{"desktop":{"background-color":"var(--ast-global-color-4)","background-image":"","background-repeat":"repeat","background-position":"center center","background-size":"auto","background-attachment":"scroll","background-type":"","background-media":"","overlay-type":"","overlay-color":"","overlay-opacity":"","overlay-gradient":""},"tablet":{"background-color":"var(--ast-global-color-4)","background-image":"","background-repeat":"repeat","background-position":"center center","background-size":"auto","background-attachment":"scroll","background-type":"","background-media":"","overlay-type":"","overlay-color":"","overlay-opacity":"","overlay-gradient":""},"mobile":{"background-color":"var(--ast-global-color-4)","background-image":"","background-repeat":"repeat","background-position":"center center","background-size":"auto","background-attachment":"scroll","background-type":"","background-media":"","overlay-type":"","overlay-color":"","overlay-opacity":"","overlay-gradient":""}}},"product_brand":[3683],"product_cat":[751],"product_tag":[3556,4024,3427,4022,4026,4028,311,776,4027,2724,3533,4025,4023],"class_list":{"0":"post-2747","1":"product","2":"type-product","3":"status-publish","4":"has-post-thumbnail","6":"product_brand-neta-havuz","7":"product_cat-havuz-dip-emis-suzgecleri","8":"product_tag-63mm-nozul","9":"product_tag-abs-havuz-nozulu","10":"product_tag-besleme-nozulu","11":"product_tag-duvar-nozulu","12":"product_tag-enjeksiyon-plastik-nozul","13":"product_tag-guclu-havuz-nozulu","14":"product_tag-havuz-ekipmani","15":"product_tag-havuz-nozulu","16":"product_tag-havuz-parcasi","17":"product_tag-havuz-sistemleri","18":"product_tag-havuz-su-giris-nozulu","19":"product_tag-neta-pool-urunleri","20":"product_tag-uv-dayanikli-nozul","21":"desktop-align-left","22":"tablet-align-left","23":"mobile-align-left","25":"first","26":"instock","27":"shipping-taxable","28":"purchasable","29":"product-type-simple"},"yoast_head":"<!-- This site is optimized with the Yoast SEO plugin v25.0 - https:\/\/yoast.com\/wordpress\/plugins\/seo\/ -->\n<title>Di\u015fli Duvar Tipi Havuz Besleme Nozulu, ABS G\u00f6vde, UV Dayan\u0131kl\u0131, Neta Pool \u00dcretimi -<\/title>\n<meta name=\"robots\" content=\"index, follow, max-snippet:-1, max-image-preview:large, max-video-preview:-1\" \/>\n<link rel=\"canonical\" href=\"https:\/\/www.havuzadairhersey.com\/index.php\/urun\/disli-duvar-tipi-havuz-besleme-nozulu-abs-govde-uv-dayanikli-neta-pool-uretimi\/\" \/>\n<meta property=\"og:locale\" content=\"tr_TR\" \/>\n<meta property=\"og:type\" content=\"article\" \/>\n<meta property=\"og:title\" content=\"Di\u015fli Duvar Tipi Havuz Besleme Nozulu, ABS G\u00f6vde, UV Dayan\u0131kl\u0131, Neta Pool \u00dcretimi -\" \/>\n<meta property=\"og:description\" content=\"63 mm di\u015fli ba\u011flant\u0131l\u0131, UV dayan\u0131kl\u0131 ABS plastik havuz besleme nozulu.\" \/>\n<meta property=\"og:url\" content=\"https:\/\/www.havuzadairhersey.com\/index.php\/urun\/disli-duvar-tipi-havuz-besleme-nozulu-abs-govde-uv-dayanikli-neta-pool-uretimi\/\" \/>\n<meta property=\"article:modified_time\" content=\"2025-04-29T19:53:52+00:00\" \/>\n<meta property=\"og:image\" content=\"https:\/\/www.havuzadairhersey.com\/wp-content\/uploads\/2025\/04\/1-347.png\" \/>\n\t<meta property=\"og:image:width\" content=\"1875\" \/>\n\t<meta property=\"og:image:height\" content=\"2000\" \/>\n\t<meta property=\"og:image:type\" content=\"image\/png\" \/>\n<meta name=\"twitter:card\" content=\"summary_large_image\" \/>\n<script type=\"application\/ld+json\" class=\"yoast-schema-graph\">{\"@context\":\"https:\/\/schema.org\",\"@graph\":[{\"@type\":\"WebPage\",\"@id\":\"https:\/\/www.havuzadairhersey.com\/index.php\/urun\/disli-duvar-tipi-havuz-besleme-nozulu-abs-govde-uv-dayanikli-neta-pool-uretimi\/\",\"url\":\"https:\/\/www.havuzadairhersey.com\/index.php\/urun\/disli-duvar-tipi-havuz-besleme-nozulu-abs-govde-uv-dayanikli-neta-pool-uretimi\/\",\"name\":\"Di\u015fli Duvar Tipi Havuz Besleme Nozulu, ABS G\u00f6vde, UV Dayan\u0131kl\u0131, Neta Pool \u00dcretimi -\",\"isPartOf\":{\"@id\":\"https:\/\/www.havuzadairhersey.com\/#website\"},\"primaryImageOfPage\":{\"@id\":\"https:\/\/www.havuzadairhersey.com\/index.php\/urun\/disli-duvar-tipi-havuz-besleme-nozulu-abs-govde-uv-dayanikli-neta-pool-uretimi\/#primaryimage\"},\"image\":{\"@id\":\"https:\/\/www.havuzadairhersey.com\/index.php\/urun\/disli-duvar-tipi-havuz-besleme-nozulu-abs-govde-uv-dayanikli-neta-pool-uretimi\/#primaryimage\"},\"thumbnailUrl\":\"https:\/\/www.havuzadairhersey.com\/wp-content\/uploads\/2025\/04\/1-347.png\",\"datePublished\":\"2025-04-29T19:53:51+00:00\",\"dateModified\":\"2025-04-29T19:53:52+00:00\",\"breadcrumb\":{\"@id\":\"https:\/\/www.havuzadairhersey.com\/index.php\/urun\/disli-duvar-tipi-havuz-besleme-nozulu-abs-govde-uv-dayanikli-neta-pool-uretimi\/#breadcrumb\"},\"inLanguage\":\"tr\",\"potentialAction\":[{\"@type\":\"ReadAction\",\"target\":[\"https:\/\/www.havuzadairhersey.com\/index.php\/urun\/disli-duvar-tipi-havuz-besleme-nozulu-abs-govde-uv-dayanikli-neta-pool-uretimi\/\"]}]},{\"@type\":\"ImageObject\",\"inLanguage\":\"tr\",\"@id\":\"https:\/\/www.havuzadairhersey.com\/index.php\/urun\/disli-duvar-tipi-havuz-besleme-nozulu-abs-govde-uv-dayanikli-neta-pool-uretimi\/#primaryimage\",\"url\":\"https:\/\/www.havuzadairhersey.com\/wp-content\/uploads\/2025\/04\/1-347.png\",\"contentUrl\":\"https:\/\/www.havuzadairhersey.com\/wp-content\/uploads\/2025\/04\/1-347.png\",\"width\":1875,\"height\":2000,\"caption\":\"Di\u015fli ba\u011flant\u0131l\u0131, sa\u011flam yap\u0131l\u0131, UV dayan\u0131ml\u0131 ABS enjeksiyon nozul\"},{\"@type\":\"BreadcrumbList\",\"@id\":\"https:\/\/www.havuzadairhersey.com\/index.php\/urun\/disli-duvar-tipi-havuz-besleme-nozulu-abs-govde-uv-dayanikli-neta-pool-uretimi\/#breadcrumb\",\"itemListElement\":[{\"@type\":\"ListItem\",\"position\":1,\"name\":\"Anasayfa\",\"item\":\"https:\/\/www.havuzadairhersey.com\/\"},{\"@type\":\"ListItem\",\"position\":2,\"name\":\"Ma\u011faza\",\"item\":\"https:\/\/www.havuzadairhersey.com\/\"},{\"@type\":\"ListItem\",\"position\":3,\"name\":\"Di\u015fli Duvar Tipi Havuz Besleme Nozulu, ABS G\u00f6vde, UV Dayan\u0131kl\u0131, Neta Pool \u00dcretimi\"}]},{\"@type\":\"WebSite\",\"@id\":\"https:\/\/www.havuzadairhersey.com\/#website\",\"url\":\"https:\/\/www.havuzadairhersey.com\/\",\"name\":\"\",\"description\":\"Havuza dair arad\u0131\u011f\u0131n\u0131z her\u015fey burada...\",\"potentialAction\":[{\"@type\":\"SearchAction\",\"target\":{\"@type\":\"EntryPoint\",\"urlTemplate\":\"https:\/\/www.havuzadairhersey.com\/?s={search_term_string}\"},\"query-input\":{\"@type\":\"PropertyValueSpecification\",\"valueRequired\":true,\"valueName\":\"search_term_string\"}}],\"inLanguage\":\"tr\"}]}<\/script>\n<!-- \/ Yoast SEO plugin. -->","yoast_head_json":{"title":"Di\u015fli Duvar Tipi Havuz Besleme Nozulu, ABS G\u00f6vde, UV Dayan\u0131kl\u0131, Neta Pool \u00dcretimi -","robots":{"index":"index","follow":"follow","max-snippet":"max-snippet:-1","max-image-preview":"max-image-preview:large","max-video-preview":"max-video-preview:-1"},"canonical":"https:\/\/www.havuzadairhersey.com\/index.php\/urun\/disli-duvar-tipi-havuz-besleme-nozulu-abs-govde-uv-dayanikli-neta-pool-uretimi\/","og_locale":"tr_TR","og_type":"article","og_title":"Di\u015fli Duvar Tipi Havuz Besleme Nozulu, ABS G\u00f6vde, UV Dayan\u0131kl\u0131, Neta Pool \u00dcretimi -","og_description":"63 mm di\u015fli ba\u011flant\u0131l\u0131, UV dayan\u0131kl\u0131 ABS plastik havuz besleme nozulu.","og_url":"https:\/\/www.havuzadairhersey.com\/index.php\/urun\/disli-duvar-tipi-havuz-besleme-nozulu-abs-govde-uv-dayanikli-neta-pool-uretimi\/","article_modified_time":"2025-04-29T19:53:52+00:00","og_image":[{"width":1875,"height":2000,"url":"https:\/\/www.havuzadairhersey.com\/wp-content\/uploads\/2025\/04\/1-347.png","type":"image\/png"}],"twitter_card":"summary_large_image","schema":{"@context":"https:\/\/schema.org","@graph":[{"@type":"WebPage","@id":"https:\/\/www.havuzadairhersey.com\/index.php\/urun\/disli-duvar-tipi-havuz-besleme-nozulu-abs-govde-uv-dayanikli-neta-pool-uretimi\/","url":"https:\/\/www.havuzadairhersey.com\/index.php\/urun\/disli-duvar-tipi-havuz-besleme-nozulu-abs-govde-uv-dayanikli-neta-pool-uretimi\/","name":"Di\u015fli Duvar Tipi Havuz Besleme Nozulu, ABS G\u00f6vde, UV Dayan\u0131kl\u0131, Neta Pool \u00dcretimi -","isPartOf":{"@id":"https:\/\/www.havuzadairhersey.com\/#website"},"primaryImageOfPage":{"@id":"https:\/\/www.havuzadairhersey.com\/index.php\/urun\/disli-duvar-tipi-havuz-besleme-nozulu-abs-govde-uv-dayanikli-neta-pool-uretimi\/#primaryimage"},"image":{"@id":"https:\/\/www.havuzadairhersey.com\/index.php\/urun\/disli-duvar-tipi-havuz-besleme-nozulu-abs-govde-uv-dayanikli-neta-pool-uretimi\/#primaryimage"},"thumbnailUrl":"https:\/\/www.havuzadairhersey.com\/wp-content\/uploads\/2025\/04\/1-347.png","datePublished":"2025-04-29T19:53:51+00:00","dateModified":"2025-04-29T19:53:52+00:00","breadcrumb":{"@id":"https:\/\/www.havuzadairhersey.com\/index.php\/urun\/disli-duvar-tipi-havuz-besleme-nozulu-abs-govde-uv-dayanikli-neta-pool-uretimi\/#breadcrumb"},"inLanguage":"tr","potentialAction":[{"@type":"ReadAction","target":["https:\/\/www.havuzadairhersey.com\/index.php\/urun\/disli-duvar-tipi-havuz-besleme-nozulu-abs-govde-uv-dayanikli-neta-pool-uretimi\/"]}]},{"@type":"ImageObject","inLanguage":"tr","@id":"https:\/\/www.havuzadairhersey.com\/index.php\/urun\/disli-duvar-tipi-havuz-besleme-nozulu-abs-govde-uv-dayanikli-neta-pool-uretimi\/#primaryimage","url":"https:\/\/www.havuzadairhersey.com\/wp-content\/uploads\/2025\/04\/1-347.png","contentUrl":"https:\/\/www.havuzadairhersey.com\/wp-content\/uploads\/2025\/04\/1-347.png","width":1875,"height":2000,"caption":"Di\u015fli ba\u011flant\u0131l\u0131, sa\u011flam yap\u0131l\u0131, UV dayan\u0131ml\u0131 ABS enjeksiyon nozul"},{"@type":"BreadcrumbList","@id":"https:\/\/www.havuzadairhersey.com\/index.php\/urun\/disli-duvar-tipi-havuz-besleme-nozulu-abs-govde-uv-dayanikli-neta-pool-uretimi\/#breadcrumb","itemListElement":[{"@type":"ListItem","position":1,"name":"Anasayfa","item":"https:\/\/www.havuzadairhersey.com\/"},{"@type":"ListItem","position":2,"name":"Ma\u011faza","item":"https:\/\/www.havuzadairhersey.com\/"},{"@type":"ListItem","position":3,"name":"Di\u015fli Duvar Tipi Havuz Besleme Nozulu, ABS G\u00f6vde, UV Dayan\u0131kl\u0131, Neta Pool \u00dcretimi"}]},{"@type":"WebSite","@id":"https:\/\/www.havuzadairhersey.com\/#website","url":"https:\/\/www.havuzadairhersey.com\/","name":"","description":"Havuza dair arad\u0131\u011f\u0131n\u0131z her\u015fey burada...","potentialAction":[{"@type":"SearchAction","target":{"@type":"EntryPoint","urlTemplate":"https:\/\/www.havuzadairhersey.com\/?s={search_term_string}"},"query-input":{"@type":"PropertyValueSpecification","valueRequired":true,"valueName":"search_term_string"}}],"inLanguage":"tr"}]}},"_links":{"self":[{"href":"https:\/\/www.havuzadairhersey.com\/index.php\/wp-json\/wp\/v2\/product\/2747","targetHints":{"allow":["GET"]}}],"collection":[{"href":"https:\/\/www.havuzadairhersey.com\/index.php\/wp-json\/wp\/v2\/product"}],"about":[{"href":"https:\/\/www.havuzadairhersey.com\/index.php\/wp-json\/wp\/v2\/types\/product"}],"replies":[{"embeddable":true,"href":"https:\/\/www.havuzadairhersey.com\/index.php\/wp-json\/wp\/v2\/comments?post=2747"}],"wp:featuredmedia":[{"embeddable":true,"href":"https:\/\/www.havuzadairhersey.com\/index.php\/wp-json\/wp\/v2\/media\/2748"}],"wp:attachment":[{"href":"https:\/\/www.havuzadairhersey.com\/index.php\/wp-json\/wp\/v2\/media?parent=2747"}],"wp:term":[{"taxonomy":"product_brand","embeddable":true,"href":"https:\/\/www.havuzadairhersey.com\/index.php\/wp-json\/wp\/v2\/product_brand?post=2747"},{"taxonomy":"product_cat","embeddable":true,"href":"https:\/\/www.havuzadairhersey.com\/index.php\/wp-json\/wp\/v2\/product_cat?post=2747"},{"taxonomy":"product_tag","embeddable":true,"href":"https:\/\/www.havuzadairhersey.com\/index.php\/wp-json\/wp\/v2\/product_tag?post=2747"}],"curies":[{"name":"wp","href":"https:\/\/api.w.org\/{rel}","templated":true}]}}