{"id":3506,"date":"2025-05-04T13:34:51","date_gmt":"2025-05-04T10:34:51","guid":{"rendered":"https:\/\/www.havuzadairhersey.com\/?post_type=product&#038;p=3506"},"modified":"2025-05-30T23:09:49","modified_gmt":"2025-05-30T20:09:49","slug":"aski-kancasi-emniyet-mandalli-paslanmaz-celik-karabina-kanca-kod-13517122014","status":"publish","type":"product","link":"https:\/\/www.havuzadairhersey.com\/index.php\/urun\/aski-kancasi-emniyet-mandalli-paslanmaz-celik-karabina-kanca-kod-13517122014\/","title":{"rendered":"Ask\u0131 Kancas\u0131 Emniyet Mandall\u0131, Paslanmaz \u00c7elik Karabina Kanca \u2013 Kod: 13517122014"},"content":{"rendered":"<p>Bu paslanmaz \u00e7elik karabina kanca, havuz ekipmanlar\u0131n\u0131n ve \u00e7e\u015fitli montaj elemanlar\u0131n\u0131n g\u00fcvenli bir \u015fekilde sabitlenmesi i\u00e7in tasarlanm\u0131\u015ft\u0131r. 120 gram a\u011f\u0131rl\u0131\u011f\u0131ndaki bu dayan\u0131kl\u0131 ba\u011flant\u0131 eleman\u0131, y\u00fcksek mukavemeti ve kolay kullan\u0131m avantaj\u0131 ile \u00f6ne \u00e7\u0131kar. Pratik a\u00e7ma-kapama mekanizmas\u0131 sayesinde, hem sabit hem ge\u00e7ici ba\u011flant\u0131lar i\u00e7in idealdir. Havuz aksesuarlar\u0131, halatlar, zincirler ve daha fazlas\u0131yla uyumludur.<\/p>\n","protected":false},"excerpt":{"rendered":"<p>120 gram a\u011f\u0131rl\u0131\u011f\u0131nda, paslanmaz \u00e7elik karabina kanca ba\u011flant\u0131 aparat\u0131.<\/p>\n","protected":false},"featured_media":3507,"comment_status":"open","ping_status":"closed","template":"","meta":{"site-sidebar-layout":"default","site-content-layout":"","ast-site-content-layout":"default","site-content-style":"default","site-sidebar-style":"default","ast-global-header-display":"","ast-banner-title-visibility":"","ast-main-header-display":"","ast-hfb-above-header-display":"","ast-hfb-below-header-display":"","ast-hfb-mobile-header-display":"","site-post-title":"","ast-breadcrumbs-content":"","ast-featured-img":"","footer-sml-layout":"","theme-transparent-header-meta":"default","adv-header-id-meta":"","stick-header-meta":"","header-above-stick-meta":"","header-main-stick-meta":"","header-below-stick-meta":"","astra-migrate-meta-layouts":"set","ast-page-background-enabled":"default","ast-page-background-meta":{"desktop":{"background-color":"var(--ast-global-color-5)","background-image":"","background-repeat":"repeat","background-position":"center center","background-size":"auto","background-attachment":"scroll","background-type":"","background-media":"","overlay-type":"","overlay-color":"","overlay-opacity":"","overlay-gradient":""},"tablet":{"background-color":"","background-image":"","background-repeat":"repeat","background-position":"center center","background-size":"auto","background-attachment":"scroll","background-type":"","background-media":"","overlay-type":"","overlay-color":"","overlay-opacity":"","overlay-gradient":""},"mobile":{"background-color":"","background-image":"","background-repeat":"repeat","background-position":"center center","background-size":"auto","background-attachment":"scroll","background-type":"","background-media":"","overlay-type":"","overlay-color":"","overlay-opacity":"","overlay-gradient":""}},"ast-content-background-meta":{"desktop":{"background-color":"var(--ast-global-color-4)","background-image":"","background-repeat":"repeat","background-position":"center center","background-size":"auto","background-attachment":"scroll","background-type":"","background-media":"","overlay-type":"","overlay-color":"","overlay-opacity":"","overlay-gradient":""},"tablet":{"background-color":"var(--ast-global-color-4)","background-image":"","background-repeat":"repeat","background-position":"center center","background-size":"auto","background-attachment":"scroll","background-type":"","background-media":"","overlay-type":"","overlay-color":"","overlay-opacity":"","overlay-gradient":""},"mobile":{"background-color":"var(--ast-global-color-4)","background-image":"","background-repeat":"repeat","background-position":"center center","background-size":"auto","background-attachment":"scroll","background-type":"","background-media":"","overlay-type":"","overlay-color":"","overlay-opacity":"","overlay-gradient":""}}},"product_brand":[3683],"product_cat":[1737],"product_tag":[5138,5137,5135,1796,311,5140,5133,5136,5139,5134],"class_list":{"0":"post-3506","1":"product","2":"type-product","3":"status-publish","4":"has-post-thumbnail","6":"product_brand-neta-havuz","7":"product_cat-olimpik-havuz-malzemeleri","8":"product_tag-120-gr-karabina","9":"product_tag-celik-baglanti-aparati","10":"product_tag-celik-karabina","11":"product_tag-havuz-baglanti-elemani","12":"product_tag-havuz-ekipmani","13":"product_tag-kanca-aparati","14":"product_tag-karabina-kanca","15":"product_tag-montaj-kancasi","16":"product_tag-paslanmaz-halka","17":"product_tag-paslanmaz-kanca","18":"desktop-align-left","19":"tablet-align-left","20":"mobile-align-left","22":"first","23":"outofstock","24":"shipping-taxable","25":"purchasable","26":"product-type-simple"},"yoast_head":"<!-- This site is optimized with the Yoast SEO plugin v25.0 - https:\/\/yoast.com\/wordpress\/plugins\/seo\/ -->\n<title>Ask\u0131 Kancas\u0131 Emniyet Mandall\u0131, Paslanmaz \u00c7elik Karabina Kanca \u2013 Kod: 13517122014 -<\/title>\n<meta name=\"robots\" content=\"index, follow, max-snippet:-1, max-image-preview:large, max-video-preview:-1\" \/>\n<link rel=\"canonical\" href=\"https:\/\/www.havuzadairhersey.com\/index.php\/urun\/aski-kancasi-emniyet-mandalli-paslanmaz-celik-karabina-kanca-kod-13517122014\/\" \/>\n<meta property=\"og:locale\" content=\"tr_TR\" \/>\n<meta property=\"og:type\" content=\"article\" \/>\n<meta property=\"og:title\" content=\"Ask\u0131 Kancas\u0131 Emniyet Mandall\u0131, Paslanmaz \u00c7elik Karabina Kanca \u2013 Kod: 13517122014 -\" \/>\n<meta property=\"og:description\" content=\"120 gram a\u011f\u0131rl\u0131\u011f\u0131nda, paslanmaz \u00e7elik karabina kanca ba\u011flant\u0131 aparat\u0131.\" \/>\n<meta property=\"og:url\" content=\"https:\/\/www.havuzadairhersey.com\/index.php\/urun\/aski-kancasi-emniyet-mandalli-paslanmaz-celik-karabina-kanca-kod-13517122014\/\" \/>\n<meta property=\"article:modified_time\" content=\"2025-05-30T20:09:49+00:00\" \/>\n<meta property=\"og:image\" content=\"https:\/\/www.havuzadairhersey.com\/wp-content\/uploads\/2025\/05\/1-103.png\" \/>\n\t<meta property=\"og:image:width\" content=\"1875\" \/>\n\t<meta property=\"og:image:height\" content=\"2000\" \/>\n\t<meta property=\"og:image:type\" content=\"image\/png\" \/>\n<meta name=\"twitter:card\" content=\"summary_large_image\" \/>\n<script type=\"application\/ld+json\" class=\"yoast-schema-graph\">{\"@context\":\"https:\/\/schema.org\",\"@graph\":[{\"@type\":\"WebPage\",\"@id\":\"https:\/\/www.havuzadairhersey.com\/index.php\/urun\/aski-kancasi-emniyet-mandalli-paslanmaz-celik-karabina-kanca-kod-13517122014\/\",\"url\":\"https:\/\/www.havuzadairhersey.com\/index.php\/urun\/aski-kancasi-emniyet-mandalli-paslanmaz-celik-karabina-kanca-kod-13517122014\/\",\"name\":\"Ask\u0131 Kancas\u0131 Emniyet Mandall\u0131, Paslanmaz \u00c7elik Karabina Kanca \u2013 Kod: 13517122014 -\",\"isPartOf\":{\"@id\":\"https:\/\/www.havuzadairhersey.com\/#website\"},\"primaryImageOfPage\":{\"@id\":\"https:\/\/www.havuzadairhersey.com\/index.php\/urun\/aski-kancasi-emniyet-mandalli-paslanmaz-celik-karabina-kanca-kod-13517122014\/#primaryimage\"},\"image\":{\"@id\":\"https:\/\/www.havuzadairhersey.com\/index.php\/urun\/aski-kancasi-emniyet-mandalli-paslanmaz-celik-karabina-kanca-kod-13517122014\/#primaryimage\"},\"thumbnailUrl\":\"https:\/\/www.havuzadairhersey.com\/wp-content\/uploads\/2025\/05\/1-103.png\",\"datePublished\":\"2025-05-04T10:34:51+00:00\",\"dateModified\":\"2025-05-30T20:09:49+00:00\",\"breadcrumb\":{\"@id\":\"https:\/\/www.havuzadairhersey.com\/index.php\/urun\/aski-kancasi-emniyet-mandalli-paslanmaz-celik-karabina-kanca-kod-13517122014\/#breadcrumb\"},\"inLanguage\":\"tr\",\"potentialAction\":[{\"@type\":\"ReadAction\",\"target\":[\"https:\/\/www.havuzadairhersey.com\/index.php\/urun\/aski-kancasi-emniyet-mandalli-paslanmaz-celik-karabina-kanca-kod-13517122014\/\"]}]},{\"@type\":\"ImageObject\",\"inLanguage\":\"tr\",\"@id\":\"https:\/\/www.havuzadairhersey.com\/index.php\/urun\/aski-kancasi-emniyet-mandalli-paslanmaz-celik-karabina-kanca-kod-13517122014\/#primaryimage\",\"url\":\"https:\/\/www.havuzadairhersey.com\/wp-content\/uploads\/2025\/05\/1-103.png\",\"contentUrl\":\"https:\/\/www.havuzadairhersey.com\/wp-content\/uploads\/2025\/05\/1-103.png\",\"width\":1875,\"height\":2000,\"caption\":\"Dayan\u0131kl\u0131 ve hafif ba\u011flant\u0131 aparat\u0131 \u2013 \u00e7elik karabina\"},{\"@type\":\"BreadcrumbList\",\"@id\":\"https:\/\/www.havuzadairhersey.com\/index.php\/urun\/aski-kancasi-emniyet-mandalli-paslanmaz-celik-karabina-kanca-kod-13517122014\/#breadcrumb\",\"itemListElement\":[{\"@type\":\"ListItem\",\"position\":1,\"name\":\"Anasayfa\",\"item\":\"https:\/\/www.havuzadairhersey.com\/\"},{\"@type\":\"ListItem\",\"position\":2,\"name\":\"Ma\u011faza\",\"item\":\"https:\/\/www.havuzadairhersey.com\/\"},{\"@type\":\"ListItem\",\"position\":3,\"name\":\"Ask\u0131 Kancas\u0131 Emniyet Mandall\u0131, Paslanmaz \u00c7elik Karabina Kanca \u2013 Kod: 13517122014\"}]},{\"@type\":\"WebSite\",\"@id\":\"https:\/\/www.havuzadairhersey.com\/#website\",\"url\":\"https:\/\/www.havuzadairhersey.com\/\",\"name\":\"\",\"description\":\"Havuza dair arad\u0131\u011f\u0131n\u0131z her\u015fey burada...\",\"potentialAction\":[{\"@type\":\"SearchAction\",\"target\":{\"@type\":\"EntryPoint\",\"urlTemplate\":\"https:\/\/www.havuzadairhersey.com\/?s={search_term_string}\"},\"query-input\":{\"@type\":\"PropertyValueSpecification\",\"valueRequired\":true,\"valueName\":\"search_term_string\"}}],\"inLanguage\":\"tr\"}]}<\/script>\n<!-- \/ Yoast SEO plugin. -->","yoast_head_json":{"title":"Ask\u0131 Kancas\u0131 Emniyet Mandall\u0131, Paslanmaz \u00c7elik Karabina Kanca \u2013 Kod: 13517122014 -","robots":{"index":"index","follow":"follow","max-snippet":"max-snippet:-1","max-image-preview":"max-image-preview:large","max-video-preview":"max-video-preview:-1"},"canonical":"https:\/\/www.havuzadairhersey.com\/index.php\/urun\/aski-kancasi-emniyet-mandalli-paslanmaz-celik-karabina-kanca-kod-13517122014\/","og_locale":"tr_TR","og_type":"article","og_title":"Ask\u0131 Kancas\u0131 Emniyet Mandall\u0131, Paslanmaz \u00c7elik Karabina Kanca \u2013 Kod: 13517122014 -","og_description":"120 gram a\u011f\u0131rl\u0131\u011f\u0131nda, paslanmaz \u00e7elik karabina kanca ba\u011flant\u0131 aparat\u0131.","og_url":"https:\/\/www.havuzadairhersey.com\/index.php\/urun\/aski-kancasi-emniyet-mandalli-paslanmaz-celik-karabina-kanca-kod-13517122014\/","article_modified_time":"2025-05-30T20:09:49+00:00","og_image":[{"width":1875,"height":2000,"url":"https:\/\/www.havuzadairhersey.com\/wp-content\/uploads\/2025\/05\/1-103.png","type":"image\/png"}],"twitter_card":"summary_large_image","schema":{"@context":"https:\/\/schema.org","@graph":[{"@type":"WebPage","@id":"https:\/\/www.havuzadairhersey.com\/index.php\/urun\/aski-kancasi-emniyet-mandalli-paslanmaz-celik-karabina-kanca-kod-13517122014\/","url":"https:\/\/www.havuzadairhersey.com\/index.php\/urun\/aski-kancasi-emniyet-mandalli-paslanmaz-celik-karabina-kanca-kod-13517122014\/","name":"Ask\u0131 Kancas\u0131 Emniyet Mandall\u0131, Paslanmaz \u00c7elik Karabina Kanca \u2013 Kod: 13517122014 -","isPartOf":{"@id":"https:\/\/www.havuzadairhersey.com\/#website"},"primaryImageOfPage":{"@id":"https:\/\/www.havuzadairhersey.com\/index.php\/urun\/aski-kancasi-emniyet-mandalli-paslanmaz-celik-karabina-kanca-kod-13517122014\/#primaryimage"},"image":{"@id":"https:\/\/www.havuzadairhersey.com\/index.php\/urun\/aski-kancasi-emniyet-mandalli-paslanmaz-celik-karabina-kanca-kod-13517122014\/#primaryimage"},"thumbnailUrl":"https:\/\/www.havuzadairhersey.com\/wp-content\/uploads\/2025\/05\/1-103.png","datePublished":"2025-05-04T10:34:51+00:00","dateModified":"2025-05-30T20:09:49+00:00","breadcrumb":{"@id":"https:\/\/www.havuzadairhersey.com\/index.php\/urun\/aski-kancasi-emniyet-mandalli-paslanmaz-celik-karabina-kanca-kod-13517122014\/#breadcrumb"},"inLanguage":"tr","potentialAction":[{"@type":"ReadAction","target":["https:\/\/www.havuzadairhersey.com\/index.php\/urun\/aski-kancasi-emniyet-mandalli-paslanmaz-celik-karabina-kanca-kod-13517122014\/"]}]},{"@type":"ImageObject","inLanguage":"tr","@id":"https:\/\/www.havuzadairhersey.com\/index.php\/urun\/aski-kancasi-emniyet-mandalli-paslanmaz-celik-karabina-kanca-kod-13517122014\/#primaryimage","url":"https:\/\/www.havuzadairhersey.com\/wp-content\/uploads\/2025\/05\/1-103.png","contentUrl":"https:\/\/www.havuzadairhersey.com\/wp-content\/uploads\/2025\/05\/1-103.png","width":1875,"height":2000,"caption":"Dayan\u0131kl\u0131 ve hafif ba\u011flant\u0131 aparat\u0131 \u2013 \u00e7elik karabina"},{"@type":"BreadcrumbList","@id":"https:\/\/www.havuzadairhersey.com\/index.php\/urun\/aski-kancasi-emniyet-mandalli-paslanmaz-celik-karabina-kanca-kod-13517122014\/#breadcrumb","itemListElement":[{"@type":"ListItem","position":1,"name":"Anasayfa","item":"https:\/\/www.havuzadairhersey.com\/"},{"@type":"ListItem","position":2,"name":"Ma\u011faza","item":"https:\/\/www.havuzadairhersey.com\/"},{"@type":"ListItem","position":3,"name":"Ask\u0131 Kancas\u0131 Emniyet Mandall\u0131, Paslanmaz \u00c7elik Karabina Kanca \u2013 Kod: 13517122014"}]},{"@type":"WebSite","@id":"https:\/\/www.havuzadairhersey.com\/#website","url":"https:\/\/www.havuzadairhersey.com\/","name":"","description":"Havuza dair arad\u0131\u011f\u0131n\u0131z her\u015fey burada...","potentialAction":[{"@type":"SearchAction","target":{"@type":"EntryPoint","urlTemplate":"https:\/\/www.havuzadairhersey.com\/?s={search_term_string}"},"query-input":{"@type":"PropertyValueSpecification","valueRequired":true,"valueName":"search_term_string"}}],"inLanguage":"tr"}]}},"_links":{"self":[{"href":"https:\/\/www.havuzadairhersey.com\/index.php\/wp-json\/wp\/v2\/product\/3506","targetHints":{"allow":["GET"]}}],"collection":[{"href":"https:\/\/www.havuzadairhersey.com\/index.php\/wp-json\/wp\/v2\/product"}],"about":[{"href":"https:\/\/www.havuzadairhersey.com\/index.php\/wp-json\/wp\/v2\/types\/product"}],"replies":[{"embeddable":true,"href":"https:\/\/www.havuzadairhersey.com\/index.php\/wp-json\/wp\/v2\/comments?post=3506"}],"wp:featuredmedia":[{"embeddable":true,"href":"https:\/\/www.havuzadairhersey.com\/index.php\/wp-json\/wp\/v2\/media\/3507"}],"wp:attachment":[{"href":"https:\/\/www.havuzadairhersey.com\/index.php\/wp-json\/wp\/v2\/media?parent=3506"}],"wp:term":[{"taxonomy":"product_brand","embeddable":true,"href":"https:\/\/www.havuzadairhersey.com\/index.php\/wp-json\/wp\/v2\/product_brand?post=3506"},{"taxonomy":"product_cat","embeddable":true,"href":"https:\/\/www.havuzadairhersey.com\/index.php\/wp-json\/wp\/v2\/product_cat?post=3506"},{"taxonomy":"product_tag","embeddable":true,"href":"https:\/\/www.havuzadairhersey.com\/index.php\/wp-json\/wp\/v2\/product_tag?post=3506"}],"curies":[{"name":"wp","href":"https:\/\/api.w.org\/{rel}","templated":true}]}}