{"id":485,"date":"2025-04-06T14:47:21","date_gmt":"2025-04-06T11:47:21","guid":{"rendered":"https:\/\/www.havuzadairhersey.com\/?post_type=product&#038;p=485"},"modified":"2025-04-06T14:47:22","modified_gmt":"2025-04-06T11:47:22","slug":"standart-paslanmaz-celik-merdiven","status":"publish","type":"product","link":"https:\/\/www.havuzadairhersey.com\/index.php\/urun\/standart-paslanmaz-celik-merdiven\/","title":{"rendered":"Standart Paslanmaz \u00c7elik Merdiven"},"content":{"rendered":"<p>Dayan\u0131kl\u0131 ve estetik bir \u00e7\u00f6z\u00fcm sunan 3 basamakl\u0131 standart paslanmaz \u00e7elik havuz merdiveni, \u00d843 mm \u00e7ap\u0131nda borudan \u00fcretilmi\u015ftir. Kaymaz basamaklar\u0131 sayesinde g\u00fcvenli bir kullan\u0131m sa\u011flar. Geni\u015fli\u011fi 51 cm olan bu merdiven, rozetleri ve montaj par\u00e7alar\u0131 ile birlikte sunulmaktad\u0131r. Hem \u00f6zel hem de ticari havuzlar i\u00e7in uygundur. Uzun \u00f6m\u00fcrl\u00fc paslanmaz \u00e7elik malzeme ile maksimum dayan\u0131kl\u0131l\u0131k sa\u011flar.<\/p>\n","protected":false},"excerpt":{"rendered":"<p>Standart 3 basamakl\u0131 paslanmaz \u00e7elik havuz merdiveni, kaymaz basamakl\u0131, \u00d843 mm \u00e7elik borudan \u00fcretilmi\u015ftir. Montaj par\u00e7alar\u0131 ve rozetler dahil.<\/p>\n","protected":false},"featured_media":486,"comment_status":"open","ping_status":"closed","template":"","meta":{"site-sidebar-layout":"default","site-content-layout":"","ast-site-content-layout":"default","site-content-style":"default","site-sidebar-style":"default","ast-global-header-display":"","ast-banner-title-visibility":"","ast-main-header-display":"","ast-hfb-above-header-display":"","ast-hfb-below-header-display":"","ast-hfb-mobile-header-display":"","site-post-title":"","ast-breadcrumbs-content":"","ast-featured-img":"","footer-sml-layout":"","theme-transparent-header-meta":"default","adv-header-id-meta":"","stick-header-meta":"","header-above-stick-meta":"","header-main-stick-meta":"","header-below-stick-meta":"","astra-migrate-meta-layouts":"set","ast-page-background-enabled":"default","ast-page-background-meta":{"desktop":{"background-color":"var(--ast-global-color-5)","background-image":"","background-repeat":"repeat","background-position":"center center","background-size":"auto","background-attachment":"scroll","background-type":"","background-media":"","overlay-type":"","overlay-color":"","overlay-opacity":"","overlay-gradient":""},"tablet":{"background-color":"","background-image":"","background-repeat":"repeat","background-position":"center center","background-size":"auto","background-attachment":"scroll","background-type":"","background-media":"","overlay-type":"","overlay-color":"","overlay-opacity":"","overlay-gradient":""},"mobile":{"background-color":"","background-image":"","background-repeat":"repeat","background-position":"center center","background-size":"auto","background-attachment":"scroll","background-type":"","background-media":"","overlay-type":"","overlay-color":"","overlay-opacity":"","overlay-gradient":""}},"ast-content-background-meta":{"desktop":{"background-color":"var(--ast-global-color-4)","background-image":"","background-repeat":"repeat","background-position":"center center","background-size":"auto","background-attachment":"scroll","background-type":"","background-media":"","overlay-type":"","overlay-color":"","overlay-opacity":"","overlay-gradient":""},"tablet":{"background-color":"var(--ast-global-color-4)","background-image":"","background-repeat":"repeat","background-position":"center center","background-size":"auto","background-attachment":"scroll","background-type":"","background-media":"","overlay-type":"","overlay-color":"","overlay-opacity":"","overlay-gradient":""},"mobile":{"background-color":"var(--ast-global-color-4)","background-image":"","background-repeat":"repeat","background-position":"center center","background-size":"auto","background-attachment":"scroll","background-type":"","background-media":"","overlay-type":"","overlay-color":"","overlay-opacity":"","overlay-gradient":""}}},"product_brand":[30],"product_cat":[471],"product_tag":[486,476,487,489,477,490,479,488],"class_list":{"0":"post-485","1":"product","2":"type-product","3":"status-publish","4":"has-post-thumbnail","6":"product_brand-atlaspool","7":"product_cat-havuz-merdivenleri","8":"product_tag-3-basamakli-havuz-merdiveni","9":"product_tag-havuz-merdiveni","10":"product_tag-kaymaz-havuz-basamagi","11":"product_tag-montajli-merdiven","12":"product_tag-paslanmaz-celik-merdiven","13":"product_tag-paslanmaz-havuz-ekipmani","14":"product_tag-standart-havuz-merdiveni","15":"product_tag-yuzme-havuzu-ekipmanlari","16":"desktop-align-left","17":"tablet-align-left","18":"mobile-align-left","20":"first","21":"instock","22":"shipping-taxable","23":"purchasable","24":"product-type-variable"},"yoast_head":"<!-- This site is optimized with the Yoast SEO plugin v25.0 - https:\/\/yoast.com\/wordpress\/plugins\/seo\/ -->\n<title>Standart Paslanmaz \u00c7elik Merdiven -<\/title>\n<meta name=\"robots\" content=\"index, follow, max-snippet:-1, max-image-preview:large, max-video-preview:-1\" \/>\n<link rel=\"canonical\" href=\"https:\/\/www.havuzadairhersey.com\/index.php\/urun\/standart-paslanmaz-celik-merdiven\/\" \/>\n<meta property=\"og:locale\" content=\"tr_TR\" \/>\n<meta property=\"og:type\" content=\"article\" \/>\n<meta property=\"og:title\" content=\"Standart Paslanmaz \u00c7elik Merdiven -\" \/>\n<meta property=\"og:description\" content=\"Standart 3 basamakl\u0131 paslanmaz \u00e7elik havuz merdiveni, kaymaz basamakl\u0131, \u00d843 mm \u00e7elik borudan \u00fcretilmi\u015ftir. Montaj par\u00e7alar\u0131 ve rozetler dahil.\" \/>\n<meta property=\"og:url\" content=\"https:\/\/www.havuzadairhersey.com\/index.php\/urun\/standart-paslanmaz-celik-merdiven\/\" \/>\n<meta property=\"article:modified_time\" content=\"2025-04-06T11:47:22+00:00\" \/>\n<meta property=\"og:image\" content=\"https:\/\/www.havuzadairhersey.com\/wp-content\/uploads\/2025\/04\/400-mm-Plastik-Filtre-500-mm-Plastik-Filtre-620-mm-Plastik-Filtre-760-mm-Plastik-Filtre-920-mm-Plastik-Filtre-38-1.png\" \/>\n\t<meta property=\"og:image:width\" content=\"1875\" \/>\n\t<meta property=\"og:image:height\" content=\"2000\" \/>\n\t<meta property=\"og:image:type\" content=\"image\/png\" \/>\n<meta name=\"twitter:card\" content=\"summary_large_image\" \/>\n<script type=\"application\/ld+json\" class=\"yoast-schema-graph\">{\"@context\":\"https:\/\/schema.org\",\"@graph\":[{\"@type\":\"WebPage\",\"@id\":\"https:\/\/www.havuzadairhersey.com\/index.php\/urun\/standart-paslanmaz-celik-merdiven\/\",\"url\":\"https:\/\/www.havuzadairhersey.com\/index.php\/urun\/standart-paslanmaz-celik-merdiven\/\",\"name\":\"Standart Paslanmaz \u00c7elik Merdiven -\",\"isPartOf\":{\"@id\":\"https:\/\/www.havuzadairhersey.com\/#website\"},\"primaryImageOfPage\":{\"@id\":\"https:\/\/www.havuzadairhersey.com\/index.php\/urun\/standart-paslanmaz-celik-merdiven\/#primaryimage\"},\"image\":{\"@id\":\"https:\/\/www.havuzadairhersey.com\/index.php\/urun\/standart-paslanmaz-celik-merdiven\/#primaryimage\"},\"thumbnailUrl\":\"https:\/\/www.havuzadairhersey.com\/wp-content\/uploads\/2025\/04\/400-mm-Plastik-Filtre-500-mm-Plastik-Filtre-620-mm-Plastik-Filtre-760-mm-Plastik-Filtre-920-mm-Plastik-Filtre-38-1.png\",\"datePublished\":\"2025-04-06T11:47:21+00:00\",\"dateModified\":\"2025-04-06T11:47:22+00:00\",\"breadcrumb\":{\"@id\":\"https:\/\/www.havuzadairhersey.com\/index.php\/urun\/standart-paslanmaz-celik-merdiven\/#breadcrumb\"},\"inLanguage\":\"tr\",\"potentialAction\":[{\"@type\":\"ReadAction\",\"target\":[\"https:\/\/www.havuzadairhersey.com\/index.php\/urun\/standart-paslanmaz-celik-merdiven\/\"]}]},{\"@type\":\"ImageObject\",\"inLanguage\":\"tr\",\"@id\":\"https:\/\/www.havuzadairhersey.com\/index.php\/urun\/standart-paslanmaz-celik-merdiven\/#primaryimage\",\"url\":\"https:\/\/www.havuzadairhersey.com\/wp-content\/uploads\/2025\/04\/400-mm-Plastik-Filtre-500-mm-Plastik-Filtre-620-mm-Plastik-Filtre-760-mm-Plastik-Filtre-920-mm-Plastik-Filtre-38-1.png\",\"contentUrl\":\"https:\/\/www.havuzadairhersey.com\/wp-content\/uploads\/2025\/04\/400-mm-Plastik-Filtre-500-mm-Plastik-Filtre-620-mm-Plastik-Filtre-760-mm-Plastik-Filtre-920-mm-Plastik-Filtre-38-1.png\",\"width\":1875,\"height\":2000,\"caption\":\"Kaymaz basamakl\u0131 ve montaj setli paslanmaz havuz merdiveni\"},{\"@type\":\"BreadcrumbList\",\"@id\":\"https:\/\/www.havuzadairhersey.com\/index.php\/urun\/standart-paslanmaz-celik-merdiven\/#breadcrumb\",\"itemListElement\":[{\"@type\":\"ListItem\",\"position\":1,\"name\":\"Anasayfa\",\"item\":\"https:\/\/www.havuzadairhersey.com\/\"},{\"@type\":\"ListItem\",\"position\":2,\"name\":\"Ma\u011faza\",\"item\":\"https:\/\/www.havuzadairhersey.com\/\"},{\"@type\":\"ListItem\",\"position\":3,\"name\":\"Standart Paslanmaz \u00c7elik Merdiven\"}]},{\"@type\":\"WebSite\",\"@id\":\"https:\/\/www.havuzadairhersey.com\/#website\",\"url\":\"https:\/\/www.havuzadairhersey.com\/\",\"name\":\"\",\"description\":\"Havuza dair arad\u0131\u011f\u0131n\u0131z her\u015fey burada...\",\"potentialAction\":[{\"@type\":\"SearchAction\",\"target\":{\"@type\":\"EntryPoint\",\"urlTemplate\":\"https:\/\/www.havuzadairhersey.com\/?s={search_term_string}\"},\"query-input\":{\"@type\":\"PropertyValueSpecification\",\"valueRequired\":true,\"valueName\":\"search_term_string\"}}],\"inLanguage\":\"tr\"}]}<\/script>\n<!-- \/ Yoast SEO plugin. -->","yoast_head_json":{"title":"Standart Paslanmaz \u00c7elik Merdiven -","robots":{"index":"index","follow":"follow","max-snippet":"max-snippet:-1","max-image-preview":"max-image-preview:large","max-video-preview":"max-video-preview:-1"},"canonical":"https:\/\/www.havuzadairhersey.com\/index.php\/urun\/standart-paslanmaz-celik-merdiven\/","og_locale":"tr_TR","og_type":"article","og_title":"Standart Paslanmaz \u00c7elik Merdiven -","og_description":"Standart 3 basamakl\u0131 paslanmaz \u00e7elik havuz merdiveni, kaymaz basamakl\u0131, \u00d843 mm \u00e7elik borudan \u00fcretilmi\u015ftir. Montaj par\u00e7alar\u0131 ve rozetler dahil.","og_url":"https:\/\/www.havuzadairhersey.com\/index.php\/urun\/standart-paslanmaz-celik-merdiven\/","article_modified_time":"2025-04-06T11:47:22+00:00","og_image":[{"width":1875,"height":2000,"url":"https:\/\/www.havuzadairhersey.com\/wp-content\/uploads\/2025\/04\/400-mm-Plastik-Filtre-500-mm-Plastik-Filtre-620-mm-Plastik-Filtre-760-mm-Plastik-Filtre-920-mm-Plastik-Filtre-38-1.png","type":"image\/png"}],"twitter_card":"summary_large_image","schema":{"@context":"https:\/\/schema.org","@graph":[{"@type":"WebPage","@id":"https:\/\/www.havuzadairhersey.com\/index.php\/urun\/standart-paslanmaz-celik-merdiven\/","url":"https:\/\/www.havuzadairhersey.com\/index.php\/urun\/standart-paslanmaz-celik-merdiven\/","name":"Standart Paslanmaz \u00c7elik Merdiven -","isPartOf":{"@id":"https:\/\/www.havuzadairhersey.com\/#website"},"primaryImageOfPage":{"@id":"https:\/\/www.havuzadairhersey.com\/index.php\/urun\/standart-paslanmaz-celik-merdiven\/#primaryimage"},"image":{"@id":"https:\/\/www.havuzadairhersey.com\/index.php\/urun\/standart-paslanmaz-celik-merdiven\/#primaryimage"},"thumbnailUrl":"https:\/\/www.havuzadairhersey.com\/wp-content\/uploads\/2025\/04\/400-mm-Plastik-Filtre-500-mm-Plastik-Filtre-620-mm-Plastik-Filtre-760-mm-Plastik-Filtre-920-mm-Plastik-Filtre-38-1.png","datePublished":"2025-04-06T11:47:21+00:00","dateModified":"2025-04-06T11:47:22+00:00","breadcrumb":{"@id":"https:\/\/www.havuzadairhersey.com\/index.php\/urun\/standart-paslanmaz-celik-merdiven\/#breadcrumb"},"inLanguage":"tr","potentialAction":[{"@type":"ReadAction","target":["https:\/\/www.havuzadairhersey.com\/index.php\/urun\/standart-paslanmaz-celik-merdiven\/"]}]},{"@type":"ImageObject","inLanguage":"tr","@id":"https:\/\/www.havuzadairhersey.com\/index.php\/urun\/standart-paslanmaz-celik-merdiven\/#primaryimage","url":"https:\/\/www.havuzadairhersey.com\/wp-content\/uploads\/2025\/04\/400-mm-Plastik-Filtre-500-mm-Plastik-Filtre-620-mm-Plastik-Filtre-760-mm-Plastik-Filtre-920-mm-Plastik-Filtre-38-1.png","contentUrl":"https:\/\/www.havuzadairhersey.com\/wp-content\/uploads\/2025\/04\/400-mm-Plastik-Filtre-500-mm-Plastik-Filtre-620-mm-Plastik-Filtre-760-mm-Plastik-Filtre-920-mm-Plastik-Filtre-38-1.png","width":1875,"height":2000,"caption":"Kaymaz basamakl\u0131 ve montaj setli paslanmaz havuz merdiveni"},{"@type":"BreadcrumbList","@id":"https:\/\/www.havuzadairhersey.com\/index.php\/urun\/standart-paslanmaz-celik-merdiven\/#breadcrumb","itemListElement":[{"@type":"ListItem","position":1,"name":"Anasayfa","item":"https:\/\/www.havuzadairhersey.com\/"},{"@type":"ListItem","position":2,"name":"Ma\u011faza","item":"https:\/\/www.havuzadairhersey.com\/"},{"@type":"ListItem","position":3,"name":"Standart Paslanmaz \u00c7elik Merdiven"}]},{"@type":"WebSite","@id":"https:\/\/www.havuzadairhersey.com\/#website","url":"https:\/\/www.havuzadairhersey.com\/","name":"","description":"Havuza dair arad\u0131\u011f\u0131n\u0131z her\u015fey burada...","potentialAction":[{"@type":"SearchAction","target":{"@type":"EntryPoint","urlTemplate":"https:\/\/www.havuzadairhersey.com\/?s={search_term_string}"},"query-input":{"@type":"PropertyValueSpecification","valueRequired":true,"valueName":"search_term_string"}}],"inLanguage":"tr"}]}},"_links":{"self":[{"href":"https:\/\/www.havuzadairhersey.com\/index.php\/wp-json\/wp\/v2\/product\/485","targetHints":{"allow":["GET"]}}],"collection":[{"href":"https:\/\/www.havuzadairhersey.com\/index.php\/wp-json\/wp\/v2\/product"}],"about":[{"href":"https:\/\/www.havuzadairhersey.com\/index.php\/wp-json\/wp\/v2\/types\/product"}],"replies":[{"embeddable":true,"href":"https:\/\/www.havuzadairhersey.com\/index.php\/wp-json\/wp\/v2\/comments?post=485"}],"wp:featuredmedia":[{"embeddable":true,"href":"https:\/\/www.havuzadairhersey.com\/index.php\/wp-json\/wp\/v2\/media\/486"}],"wp:attachment":[{"href":"https:\/\/www.havuzadairhersey.com\/index.php\/wp-json\/wp\/v2\/media?parent=485"}],"wp:term":[{"taxonomy":"product_brand","embeddable":true,"href":"https:\/\/www.havuzadairhersey.com\/index.php\/wp-json\/wp\/v2\/product_brand?post=485"},{"taxonomy":"product_cat","embeddable":true,"href":"https:\/\/www.havuzadairhersey.com\/index.php\/wp-json\/wp\/v2\/product_cat?post=485"},{"taxonomy":"product_tag","embeddable":true,"href":"https:\/\/www.havuzadairhersey.com\/index.php\/wp-json\/wp\/v2\/product_tag?post=485"}],"curies":[{"name":"wp","href":"https:\/\/api.w.org\/{rel}","templated":true}]}}