{"id":644,"date":"2025-04-06T23:41:53","date_gmt":"2025-04-06T20:41:53","guid":{"rendered":"https:\/\/www.havuzadairhersey.com\/?post_type=product&#038;p=644"},"modified":"2025-04-06T23:41:54","modified_gmt":"2025-04-06T20:41:54","slug":"seffaf-gozetleme-camli-cekvalf","status":"publish","type":"product","link":"https:\/\/www.havuzadairhersey.com\/index.php\/urun\/seffaf-gozetleme-camli-cekvalf\/","title":{"rendered":"\u015eeffaf G\u00f6zetleme Caml\u0131 \u00c7ekvalf"},"content":{"rendered":"<p>Havuz tesisat sistemlerinin kontrol\u00fc i\u00e7in ideal olan \u015feffaf g\u00f6zetleme caml\u0131 \u00e7ekvalf modelleri, suyun ak\u0131\u015f y\u00f6n\u00fcn\u00fc izleme imk\u00e2n\u0131 sunar. \u00d850 ve \u00d863 \u00e7ap alternatifleriyle sunulan bu \u00e7ekvalfler, dayan\u0131kl\u0131 PVC g\u00f6vdesi ve transparan kapa\u011f\u0131 sayesinde hem i\u015flevsel hem de uzun \u00f6m\u00fcrl\u00fcd\u00fcr. Mekanik sistemlerde t\u0131kanma kontrol\u00fc veya ak\u0131\u015f\u0131n do\u011frulu\u011funu g\u00f6zlemlemek i\u00e7in tercih edilir.<br \/>\nY\u00fczme havuzlar\u0131nda, spa sistemlerinde, su oyun alanlar\u0131nda ve su ar\u0131tma hatlar\u0131nda kullan\u0131ma uygundur.<\/p>\n","protected":false},"excerpt":{"rendered":"<p>PVC g\u00f6vdeli \u015feffaf caml\u0131 \u00e7ekvalf; \u00d850 ve \u00d863 \u00e7ap se\u00e7enekleriyle, suyun ak\u0131\u015f y\u00f6n\u00fcn\u00fc g\u00f6rsel olarak kontrol etmenizi sa\u011flar. Havuz sistemleri i\u00e7in idealdir.<\/p>\n","protected":false},"featured_media":645,"comment_status":"open","ping_status":"closed","template":"","meta":{"site-sidebar-layout":"default","site-content-layout":"","ast-site-content-layout":"default","site-content-style":"default","site-sidebar-style":"default","ast-global-header-display":"","ast-banner-title-visibility":"","ast-main-header-display":"","ast-hfb-above-header-display":"","ast-hfb-below-header-display":"","ast-hfb-mobile-header-display":"","site-post-title":"","ast-breadcrumbs-content":"","ast-featured-img":"","footer-sml-layout":"","theme-transparent-header-meta":"default","adv-header-id-meta":"","stick-header-meta":"","header-above-stick-meta":"","header-main-stick-meta":"","header-below-stick-meta":"","astra-migrate-meta-layouts":"set","ast-page-background-enabled":"default","ast-page-background-meta":{"desktop":{"background-color":"var(--ast-global-color-5)","background-image":"","background-repeat":"repeat","background-position":"center center","background-size":"auto","background-attachment":"scroll","background-type":"","background-media":"","overlay-type":"","overlay-color":"","overlay-opacity":"","overlay-gradient":""},"tablet":{"background-color":"","background-image":"","background-repeat":"repeat","background-position":"center center","background-size":"auto","background-attachment":"scroll","background-type":"","background-media":"","overlay-type":"","overlay-color":"","overlay-opacity":"","overlay-gradient":""},"mobile":{"background-color":"","background-image":"","background-repeat":"repeat","background-position":"center center","background-size":"auto","background-attachment":"scroll","background-type":"","background-media":"","overlay-type":"","overlay-color":"","overlay-opacity":"","overlay-gradient":""}},"ast-content-background-meta":{"desktop":{"background-color":"var(--ast-global-color-4)","background-image":"","background-repeat":"repeat","background-position":"center center","background-size":"auto","background-attachment":"scroll","background-type":"","background-media":"","overlay-type":"","overlay-color":"","overlay-opacity":"","overlay-gradient":""},"tablet":{"background-color":"var(--ast-global-color-4)","background-image":"","background-repeat":"repeat","background-position":"center center","background-size":"auto","background-attachment":"scroll","background-type":"","background-media":"","overlay-type":"","overlay-color":"","overlay-opacity":"","overlay-gradient":""},"mobile":{"background-color":"var(--ast-global-color-4)","background-image":"","background-repeat":"repeat","background-position":"center center","background-size":"auto","background-attachment":"scroll","background-type":"","background-media":"","overlay-type":"","overlay-color":"","overlay-opacity":"","overlay-gradient":""}}},"product_brand":[30],"product_cat":[699],"product_tag":[706,707,702,704,365,311,708,709,705,703,710],"class_list":{"0":"post-644","1":"product","2":"type-product","3":"status-publish","4":"has-post-thumbnail","6":"product_brand-atlaspool","7":"product_cat-havuz-vana-boru-fittings","8":"product_tag-50-cekvalf","9":"product_tag-63-cekvalf","10":"product_tag-cekvalf","11":"product_tag-gozetleme-camli-cekvalf","12":"product_tag-havuz-aksesuari","13":"product_tag-havuz-ekipmani","14":"product_tag-havuz-tesisat-malzemesi","15":"product_tag-kontrol-vanasi","16":"product_tag-pvc-cekvalf","17":"product_tag-seffaf-cekvalf","18":"product_tag-su-aritma-cekvalf","19":"desktop-align-left","20":"tablet-align-left","21":"mobile-align-left","23":"first","24":"instock","25":"shipping-taxable","26":"purchasable","27":"product-type-variable"},"yoast_head":"<!-- This site is optimized with the Yoast SEO plugin v25.0 - https:\/\/yoast.com\/wordpress\/plugins\/seo\/ -->\n<title>\u015eeffaf G\u00f6zetleme Caml\u0131 \u00c7ekvalf -<\/title>\n<meta name=\"robots\" content=\"index, follow, max-snippet:-1, max-image-preview:large, max-video-preview:-1\" \/>\n<link rel=\"canonical\" href=\"https:\/\/www.havuzadairhersey.com\/index.php\/urun\/seffaf-gozetleme-camli-cekvalf\/\" \/>\n<meta property=\"og:locale\" content=\"tr_TR\" \/>\n<meta property=\"og:type\" content=\"article\" \/>\n<meta property=\"og:title\" content=\"\u015eeffaf G\u00f6zetleme Caml\u0131 \u00c7ekvalf -\" \/>\n<meta property=\"og:description\" content=\"PVC g\u00f6vdeli \u015feffaf caml\u0131 \u00e7ekvalf; \u00d850 ve \u00d863 \u00e7ap se\u00e7enekleriyle, suyun ak\u0131\u015f y\u00f6n\u00fcn\u00fc g\u00f6rsel olarak kontrol etmenizi sa\u011flar. Havuz sistemleri i\u00e7in idealdir.\" \/>\n<meta property=\"og:url\" content=\"https:\/\/www.havuzadairhersey.com\/index.php\/urun\/seffaf-gozetleme-camli-cekvalf\/\" \/>\n<meta property=\"article:modified_time\" content=\"2025-04-06T20:41:54+00:00\" \/>\n<meta property=\"og:image\" content=\"https:\/\/www.havuzadairhersey.com\/wp-content\/uploads\/2025\/04\/1-Photoroom.jpg\" \/>\n\t<meta property=\"og:image:width\" content=\"1875\" \/>\n\t<meta property=\"og:image:height\" content=\"2000\" \/>\n\t<meta property=\"og:image:type\" content=\"image\/jpeg\" \/>\n<meta name=\"twitter:card\" content=\"summary_large_image\" \/>\n<script type=\"application\/ld+json\" class=\"yoast-schema-graph\">{\"@context\":\"https:\/\/schema.org\",\"@graph\":[{\"@type\":\"WebPage\",\"@id\":\"https:\/\/www.havuzadairhersey.com\/index.php\/urun\/seffaf-gozetleme-camli-cekvalf\/\",\"url\":\"https:\/\/www.havuzadairhersey.com\/index.php\/urun\/seffaf-gozetleme-camli-cekvalf\/\",\"name\":\"\u015eeffaf G\u00f6zetleme Caml\u0131 \u00c7ekvalf -\",\"isPartOf\":{\"@id\":\"https:\/\/www.havuzadairhersey.com\/#website\"},\"primaryImageOfPage\":{\"@id\":\"https:\/\/www.havuzadairhersey.com\/index.php\/urun\/seffaf-gozetleme-camli-cekvalf\/#primaryimage\"},\"image\":{\"@id\":\"https:\/\/www.havuzadairhersey.com\/index.php\/urun\/seffaf-gozetleme-camli-cekvalf\/#primaryimage\"},\"thumbnailUrl\":\"https:\/\/www.havuzadairhersey.com\/wp-content\/uploads\/2025\/04\/1-Photoroom.jpg\",\"datePublished\":\"2025-04-06T20:41:53+00:00\",\"dateModified\":\"2025-04-06T20:41:54+00:00\",\"breadcrumb\":{\"@id\":\"https:\/\/www.havuzadairhersey.com\/index.php\/urun\/seffaf-gozetleme-camli-cekvalf\/#breadcrumb\"},\"inLanguage\":\"tr\",\"potentialAction\":[{\"@type\":\"ReadAction\",\"target\":[\"https:\/\/www.havuzadairhersey.com\/index.php\/urun\/seffaf-gozetleme-camli-cekvalf\/\"]}]},{\"@type\":\"ImageObject\",\"inLanguage\":\"tr\",\"@id\":\"https:\/\/www.havuzadairhersey.com\/index.php\/urun\/seffaf-gozetleme-camli-cekvalf\/#primaryimage\",\"url\":\"https:\/\/www.havuzadairhersey.com\/wp-content\/uploads\/2025\/04\/1-Photoroom.jpg\",\"contentUrl\":\"https:\/\/www.havuzadairhersey.com\/wp-content\/uploads\/2025\/04\/1-Photoroom.jpg\",\"width\":1875,\"height\":2000,\"caption\":\"Havuz Tesisatlar\u0131 \u0130\u00e7in Ak\u0131\u015f Kontrol \u00c7ekvalfi\"},{\"@type\":\"BreadcrumbList\",\"@id\":\"https:\/\/www.havuzadairhersey.com\/index.php\/urun\/seffaf-gozetleme-camli-cekvalf\/#breadcrumb\",\"itemListElement\":[{\"@type\":\"ListItem\",\"position\":1,\"name\":\"Anasayfa\",\"item\":\"https:\/\/www.havuzadairhersey.com\/\"},{\"@type\":\"ListItem\",\"position\":2,\"name\":\"Ma\u011faza\",\"item\":\"https:\/\/www.havuzadairhersey.com\/\"},{\"@type\":\"ListItem\",\"position\":3,\"name\":\"\u015eeffaf G\u00f6zetleme Caml\u0131 \u00c7ekvalf\"}]},{\"@type\":\"WebSite\",\"@id\":\"https:\/\/www.havuzadairhersey.com\/#website\",\"url\":\"https:\/\/www.havuzadairhersey.com\/\",\"name\":\"\",\"description\":\"Havuza dair arad\u0131\u011f\u0131n\u0131z her\u015fey burada...\",\"potentialAction\":[{\"@type\":\"SearchAction\",\"target\":{\"@type\":\"EntryPoint\",\"urlTemplate\":\"https:\/\/www.havuzadairhersey.com\/?s={search_term_string}\"},\"query-input\":{\"@type\":\"PropertyValueSpecification\",\"valueRequired\":true,\"valueName\":\"search_term_string\"}}],\"inLanguage\":\"tr\"}]}<\/script>\n<!-- \/ Yoast SEO plugin. -->","yoast_head_json":{"title":"\u015eeffaf G\u00f6zetleme Caml\u0131 \u00c7ekvalf -","robots":{"index":"index","follow":"follow","max-snippet":"max-snippet:-1","max-image-preview":"max-image-preview:large","max-video-preview":"max-video-preview:-1"},"canonical":"https:\/\/www.havuzadairhersey.com\/index.php\/urun\/seffaf-gozetleme-camli-cekvalf\/","og_locale":"tr_TR","og_type":"article","og_title":"\u015eeffaf G\u00f6zetleme Caml\u0131 \u00c7ekvalf -","og_description":"PVC g\u00f6vdeli \u015feffaf caml\u0131 \u00e7ekvalf; \u00d850 ve \u00d863 \u00e7ap se\u00e7enekleriyle, suyun ak\u0131\u015f y\u00f6n\u00fcn\u00fc g\u00f6rsel olarak kontrol etmenizi sa\u011flar. Havuz sistemleri i\u00e7in idealdir.","og_url":"https:\/\/www.havuzadairhersey.com\/index.php\/urun\/seffaf-gozetleme-camli-cekvalf\/","article_modified_time":"2025-04-06T20:41:54+00:00","og_image":[{"width":1875,"height":2000,"url":"https:\/\/www.havuzadairhersey.com\/wp-content\/uploads\/2025\/04\/1-Photoroom.jpg","type":"image\/jpeg"}],"twitter_card":"summary_large_image","schema":{"@context":"https:\/\/schema.org","@graph":[{"@type":"WebPage","@id":"https:\/\/www.havuzadairhersey.com\/index.php\/urun\/seffaf-gozetleme-camli-cekvalf\/","url":"https:\/\/www.havuzadairhersey.com\/index.php\/urun\/seffaf-gozetleme-camli-cekvalf\/","name":"\u015eeffaf G\u00f6zetleme Caml\u0131 \u00c7ekvalf -","isPartOf":{"@id":"https:\/\/www.havuzadairhersey.com\/#website"},"primaryImageOfPage":{"@id":"https:\/\/www.havuzadairhersey.com\/index.php\/urun\/seffaf-gozetleme-camli-cekvalf\/#primaryimage"},"image":{"@id":"https:\/\/www.havuzadairhersey.com\/index.php\/urun\/seffaf-gozetleme-camli-cekvalf\/#primaryimage"},"thumbnailUrl":"https:\/\/www.havuzadairhersey.com\/wp-content\/uploads\/2025\/04\/1-Photoroom.jpg","datePublished":"2025-04-06T20:41:53+00:00","dateModified":"2025-04-06T20:41:54+00:00","breadcrumb":{"@id":"https:\/\/www.havuzadairhersey.com\/index.php\/urun\/seffaf-gozetleme-camli-cekvalf\/#breadcrumb"},"inLanguage":"tr","potentialAction":[{"@type":"ReadAction","target":["https:\/\/www.havuzadairhersey.com\/index.php\/urun\/seffaf-gozetleme-camli-cekvalf\/"]}]},{"@type":"ImageObject","inLanguage":"tr","@id":"https:\/\/www.havuzadairhersey.com\/index.php\/urun\/seffaf-gozetleme-camli-cekvalf\/#primaryimage","url":"https:\/\/www.havuzadairhersey.com\/wp-content\/uploads\/2025\/04\/1-Photoroom.jpg","contentUrl":"https:\/\/www.havuzadairhersey.com\/wp-content\/uploads\/2025\/04\/1-Photoroom.jpg","width":1875,"height":2000,"caption":"Havuz Tesisatlar\u0131 \u0130\u00e7in Ak\u0131\u015f Kontrol \u00c7ekvalfi"},{"@type":"BreadcrumbList","@id":"https:\/\/www.havuzadairhersey.com\/index.php\/urun\/seffaf-gozetleme-camli-cekvalf\/#breadcrumb","itemListElement":[{"@type":"ListItem","position":1,"name":"Anasayfa","item":"https:\/\/www.havuzadairhersey.com\/"},{"@type":"ListItem","position":2,"name":"Ma\u011faza","item":"https:\/\/www.havuzadairhersey.com\/"},{"@type":"ListItem","position":3,"name":"\u015eeffaf G\u00f6zetleme Caml\u0131 \u00c7ekvalf"}]},{"@type":"WebSite","@id":"https:\/\/www.havuzadairhersey.com\/#website","url":"https:\/\/www.havuzadairhersey.com\/","name":"","description":"Havuza dair arad\u0131\u011f\u0131n\u0131z her\u015fey burada...","potentialAction":[{"@type":"SearchAction","target":{"@type":"EntryPoint","urlTemplate":"https:\/\/www.havuzadairhersey.com\/?s={search_term_string}"},"query-input":{"@type":"PropertyValueSpecification","valueRequired":true,"valueName":"search_term_string"}}],"inLanguage":"tr"}]}},"_links":{"self":[{"href":"https:\/\/www.havuzadairhersey.com\/index.php\/wp-json\/wp\/v2\/product\/644","targetHints":{"allow":["GET"]}}],"collection":[{"href":"https:\/\/www.havuzadairhersey.com\/index.php\/wp-json\/wp\/v2\/product"}],"about":[{"href":"https:\/\/www.havuzadairhersey.com\/index.php\/wp-json\/wp\/v2\/types\/product"}],"replies":[{"embeddable":true,"href":"https:\/\/www.havuzadairhersey.com\/index.php\/wp-json\/wp\/v2\/comments?post=644"}],"wp:featuredmedia":[{"embeddable":true,"href":"https:\/\/www.havuzadairhersey.com\/index.php\/wp-json\/wp\/v2\/media\/645"}],"wp:attachment":[{"href":"https:\/\/www.havuzadairhersey.com\/index.php\/wp-json\/wp\/v2\/media?parent=644"}],"wp:term":[{"taxonomy":"product_brand","embeddable":true,"href":"https:\/\/www.havuzadairhersey.com\/index.php\/wp-json\/wp\/v2\/product_brand?post=644"},{"taxonomy":"product_cat","embeddable":true,"href":"https:\/\/www.havuzadairhersey.com\/index.php\/wp-json\/wp\/v2\/product_cat?post=644"},{"taxonomy":"product_tag","embeddable":true,"href":"https:\/\/www.havuzadairhersey.com\/index.php\/wp-json\/wp\/v2\/product_tag?post=644"}],"curies":[{"name":"wp","href":"https:\/\/api.w.org\/{rel}","templated":true}]}}